CRAN Package Check Results for Package linkprediction

Last updated on 2023-10-04 00:58:27 CEST.

Flavor Version Tinstall Tcheck Ttotal Status Flags
r-devel-linux-x86_64-debian-clang 1.0-0 2.16 31.60 33.76 NOTE
r-devel-linux-x86_64-debian-gcc 1.0-0 1.86 24.82 26.68 NOTE
r-devel-linux-x86_64-fedora-clang 1.0-0 42.48 NOTE
r-devel-linux-x86_64-fedora-gcc 1.0-0 54.87 NOTE
r-devel-windows-x86_64 1.0-0 3.00 47.00 50.00 NOTE
r-patched-linux-x86_64 1.0-0 2.62 30.81 33.43 NOTE
r-release-linux-x86_64 1.0-0 2.37 30.79 33.16 NOTE
r-release-macos-arm64 1.0-0 27.00 NOTE
r-release-macos-x86_64 1.0-0 33.00 NOTE
r-release-windows-x86_64 1.0-0 5.00 48.00 53.00 NOTE
r-oldrel-macos-arm64 1.0-0 19.00 NOTE
r-oldrel-macos-x86_64 1.0-0 27.00 NOTE
r-oldrel-windows-x86_64 1.0-0 4.00 50.00 54.00 NOTE

Check Details

Version: 1.0-0
Check: LazyData
Result: NOTE
     'LazyData' is specified without a 'data' directory
Flavors: r-devel-linux-x86_64-debian-clang, r-devel-linux-x86_64-debian-gcc, r-devel-linux-x86_64-fedora-clang, r-devel-linux-x86_64-fedora-gcc, r-devel-windows-x86_64, r-patched-linux-x86_64, r-release-linux-x86_64, r-release-macos-arm64, r-release-macos-x86_64, r-release-windows-x86_64, r-oldrel-macos-arm64, r-oldrel-macos-x86_64, r-oldrel-windows-x86_64