Last updated on 2023-09-27 23:37:37 CEST.
Flavor | Version | Tinstall | Tcheck | Ttotal | Status | Flags |
---|---|---|---|---|---|---|
r-devel-linux-x86_64-debian-clang | 0.9.0 | 2.93 | 37.59 | 40.52 | NOTE | |
r-devel-linux-x86_64-debian-gcc | 0.9.0 | 2.00 | 28.99 | 30.99 | NOTE | |
r-devel-linux-x86_64-fedora-clang | 0.9.0 | 51.00 | NOTE | |||
r-devel-linux-x86_64-fedora-gcc | 0.9.0 | 62.50 | NOTE | |||
r-devel-windows-x86_64 | 0.9.0 | 10.00 | 51.00 | 61.00 | NOTE | |
r-patched-linux-x86_64 | 0.9.0 | 3.70 | 36.62 | 40.32 | OK | |
r-release-linux-x86_64 | 0.9.0 | 3.42 | 36.58 | 40.00 | OK | |
r-release-macos-arm64 | 0.9.0 | 26.00 | OK | |||
r-release-macos-x86_64 | 0.9.0 | 41.00 | OK | |||
r-release-windows-x86_64 | 0.9.0 | 5.00 | 55.00 | 60.00 | OK | |
r-oldrel-macos-arm64 | 0.9.0 | 21.00 | OK | |||
r-oldrel-macos-x86_64 | 0.9.0 | 46.00 | OK | |||
r-oldrel-windows-x86_64 | 0.9.0 | 6.00 | 56.00 | 62.00 | OK |
Version: 0.9.0
Check: Rd \usage sections
Result: NOTE
Documented arguments not in \usage in documentation object 'get_variable':
‘x’ ‘name’ ‘mustExist’ ‘create’
Functions with \usage entries need to have the appropriate \alias
entries, and all their arguments documented.
The \usage entries must correspond to syntactically valid R code.
See chapter ‘Writing R documentation files’ in the ‘Writing R
Extensions’ manual.
Flavors: r-devel-linux-x86_64-debian-clang, r-devel-linux-x86_64-debian-gcc, r-devel-linux-x86_64-fedora-clang, r-devel-linux-x86_64-fedora-gcc, r-devel-windows-x86_64