CRAN Package Check Results for Package lit

Last updated on 2024-03-05 00:51:43 CET.

Flavor Version Tinstall Tcheck Ttotal Status Flags
r-devel-linux-x86_64-debian-clang 1.0.0 152.61 38.93 191.54 NOTE
r-devel-linux-x86_64-debian-gcc 1.0.0 126.09 29.59 155.68 NOTE
r-devel-linux-x86_64-fedora-clang 1.0.0 297.01 NOTE
r-devel-linux-x86_64-fedora-gcc 1.0.0 301.56 NOTE
r-devel-windows-x86_64 1.0.0 111.00 73.00 184.00 NOTE
r-patched-linux-x86_64 1.0.0 157.85 37.45 195.30 OK
r-release-linux-x86_64 1.0.0 112.55 36.99 149.54 OK
r-release-macos-arm64 1.0.0 61.00 OK
r-release-macos-x86_64 1.0.0 71.00 OK
r-release-windows-x86_64 1.0.0 153.00 83.00 236.00 OK
r-oldrel-macos-arm64 1.0.0 54.00 OK
r-oldrel-windows-x86_64 1.0.0 144.00 81.00 225.00 OK

Check Details

Version: 1.0.0
Check: Rd files
Result: NOTE checkRd: (-1) lit.Rd:21: Lost braces in \itemize; \value handles \item{}{} directly checkRd: (-1) lit.Rd:22: Lost braces in \itemize; \value handles \item{}{} directly checkRd: (-1) lit.Rd:23: Lost braces in \itemize; \value handles \item{}{} directly checkRd: (-1) lit_plink.Rd:23: Lost braces in \itemize; \value handles \item{}{} directly checkRd: (-1) lit_plink.Rd:24: Lost braces in \itemize; \value handles \item{}{} directly checkRd: (-1) lit_plink.Rd:25: Lost braces in \itemize; \value handles \item{}{} directly Flavors: r-devel-linux-x86_64-debian-clang, r-devel-linux-x86_64-debian-gcc, r-devel-linux-x86_64-fedora-clang, r-devel-linux-x86_64-fedora-gcc, r-devel-windows-x86_64