Last updated on 2023-03-30 00:51:57 CEST.
Flavor | Version | Tinstall | Tcheck | Ttotal | Status | Flags |
---|---|---|---|---|---|---|
r-devel-linux-x86_64-debian-clang | 1.5.13 | 15.01 | 179.44 | 194.45 | OK | |
r-devel-linux-x86_64-debian-gcc | 1.5.13 | 11.72 | 133.27 | 144.99 | OK | |
r-devel-linux-x86_64-fedora-clang | 1.5.13 | 231.66 | NOTE | |||
r-devel-linux-x86_64-fedora-gcc | 1.5.13 | 238.02 | NOTE | |||
r-devel-windows-x86_64 | 1.5.13 | 27.00 | 0.00 | 27.00 | OK | |
r-patched-linux-x86_64 | 1.5.13 | 14.25 | 166.34 | 180.59 | OK | |
r-release-linux-x86_64 | 1.5.13 | 8.82 | 164.02 | 172.84 | OK | |
r-release-macos-arm64 | 1.5.13 | 62.00 | NOTE | |||
r-release-macos-x86_64 | 1.5.13 | 101.00 | NOTE | |||
r-release-windows-x86_64 | 1.5.13 | 31.00 | 195.00 | 226.00 | OK | |
r-oldrel-macos-arm64 | 1.5.13 | 91.00 | NOTE | |||
r-oldrel-macos-x86_64 | 1.5.13 | 112.00 | NOTE | |||
r-oldrel-windows-ix86+x86_64 | 1.5.13 | 31.00 | 199.00 | 230.00 | OK |
Version: 1.5.13
Check: dependencies in R code
Result: NOTE
Namespace in Imports field not imported from: ‘e1071’
All declared Imports should be used.
Flavors: r-devel-linux-x86_64-fedora-clang, r-devel-linux-x86_64-fedora-gcc, r-release-macos-arm64, r-release-macos-x86_64, r-oldrel-macos-arm64, r-oldrel-macos-x86_64
Version: 1.5.13
Check: package dependencies
Result: NOTE
Package suggested but not available for checking: ‘RWeka’
Flavor: r-release-macos-x86_64