CRAN Package Check Results for Package llbayesireg

Last updated on 2023-01-30 00:31:16 CET.

Flavor Version Tinstall Tcheck Ttotal Status Flags
r-devel-linux-x86_64-debian-clang 1.0.0 15.79 136.95 152.74 NOTE
r-devel-linux-x86_64-debian-gcc 1.0.0 13.38 99.96 113.34 NOTE
r-devel-linux-x86_64-fedora-clang 1.0.0 184.28 NOTE
r-devel-linux-x86_64-fedora-gcc 1.0.0 184.59 NOTE
r-devel-windows-x86_64 1.0.0 27.00 159.00 186.00 NOTE
r-patched-linux-x86_64 1.0.0 15.87 132.88 148.75 OK
r-release-linux-x86_64 1.0.0 14.27 133.23 147.50 OK
r-release-macos-arm64 1.0.0 53.00 OK
r-release-macos-x86_64 1.0.0 107.00 OK
r-release-windows-x86_64 1.0.0 24.00 160.00 184.00 OK
r-oldrel-macos-arm64 1.0.0 59.00 OK
r-oldrel-macos-x86_64 1.0.0 95.00 OK
r-oldrel-windows-ix86+x86_64 1.0.0 35.00 151.00 186.00 OK

Check Details

Version: 1.0.0
Check: Rd files
Result: NOTE
    checkRd: (-1) MHDI.Rd:23: Escaped LaTeX specials: \&
Flavors: r-devel-linux-x86_64-debian-clang, r-devel-linux-x86_64-debian-gcc, r-devel-linux-x86_64-fedora-clang, r-devel-linux-x86_64-fedora-gcc, r-devel-windows-x86_64