Last updated on 2023-03-22 00:52:24 CET.
Flavor | Version | Tinstall | Tcheck | Ttotal | Status | Flags |
---|---|---|---|---|---|---|
r-devel-linux-x86_64-debian-clang | 0.1.0 | 1.94 | 32.67 | 34.61 | NOTE | |
r-devel-linux-x86_64-debian-gcc | 0.1.0 | 1.35 | 25.59 | 26.94 | NOTE | |
r-devel-linux-x86_64-fedora-clang | 0.1.0 | 44.09 | NOTE | |||
r-devel-linux-x86_64-fedora-gcc | 0.1.0 | 41.27 | NOTE | |||
r-patched-linux-x86_64 | 0.1.0 | 2.01 | 32.73 | 34.74 | NOTE | |
r-release-linux-x86_64 | 0.1.0 | 2.17 | 33.16 | 35.33 | NOTE | |
r-release-macos-arm64 | 0.1.0 | 19.00 | NOTE | |||
r-release-macos-x86_64 | 0.1.0 | 24.00 | NOTE | |||
r-release-windows-x86_64 | 0.1.0 | 4.00 | 71.00 | 75.00 | NOTE | |
r-oldrel-macos-arm64 | 0.1.0 | 26.00 | NOTE | |||
r-oldrel-macos-x86_64 | 0.1.0 | 32.00 | NOTE | |||
r-oldrel-windows-ix86+x86_64 | 0.1.0 | 5.00 | 62.00 | 67.00 | NOTE |
Version: 0.1.0
Check: LazyData
Result: NOTE
'LazyData' is specified without a 'data' directory
Flavors: r-devel-linux-x86_64-debian-clang, r-devel-linux-x86_64-debian-gcc, r-devel-linux-x86_64-fedora-clang, r-devel-linux-x86_64-fedora-gcc, r-patched-linux-x86_64, r-release-linux-x86_64, r-release-macos-arm64, r-release-macos-x86_64, r-release-windows-x86_64, r-oldrel-macos-arm64, r-oldrel-macos-x86_64, r-oldrel-windows-ix86+x86_64
Version: 0.1.0
Check: dependencies in R code
Result: NOTE
Namespace in Imports field not imported from: ‘mnormt’
All declared Imports should be used.
Flavors: r-devel-linux-x86_64-fedora-clang, r-devel-linux-x86_64-fedora-gcc, r-release-macos-arm64, r-release-macos-x86_64, r-oldrel-macos-arm64, r-oldrel-macos-x86_64