CRAN Package Check Results for Package lmomPi

Last updated on 2024-02-23 00:59:32 CET.

Flavor Version Tinstall Tcheck Ttotal Status Flags
r-devel-linux-x86_64-debian-clang 0.6.6 NOTE
r-devel-linux-x86_64-debian-gcc 0.6.6 2.82 23.95 26.77 NOTE
r-devel-linux-x86_64-fedora-clang 0.6.6 45.42 NOTE
r-devel-linux-x86_64-fedora-gcc 0.6.6 43.27 NOTE
r-devel-windows-x86_64 0.6.6 4.00 45.00 49.00 OK
r-patched-linux-x86_64 0.6.6 5.95 29.96 35.91 OK
r-release-linux-x86_64 0.6.6 3.46 29.77 33.23 OK
r-release-macos-arm64 0.6.6 20.00 OK
r-release-macos-x86_64 0.6.6 30.00 OK
r-release-windows-x86_64 0.6.6 4.00 48.00 52.00 OK
r-oldrel-macos-arm64 0.6.6 21.00 OK
r-oldrel-windows-x86_64 0.6.6 5.00 50.00 55.00 OK

Check Details

Version: 0.6.6
Check: Rd files
Result: NOTE checkRd: (-1) lmomPi-Package.Rd:9: Lost braces 9 | {\code{\link{cdf}}}{: generic distribution function; } | ^ checkRd: (-1) lmomPi-Package.Rd:10: Lost braces 10 | {\code{\link{qua}}}{: generic quantile function; } | ^ checkRd: (-1) lmomPi-Package.Rd:11: Lost braces 11 | {\code{\link{pel}}}{: fitting of probability distribution function through L-moments. } | ^ checkRd: (-1) lmomPi-Package.Rd:27: Lost braces; missing escapes or markup? 27 | The function \code{\link{spi.cdf}()} is compared against \code{SPEI::spi()} in SPEI package (\url{https://cran.r-project.org/package=SPEI}). The differences in SPI extimation have order of magnitude averagely about 10^{-8}, due to the different fitting methods implemented in the two packages. | ^ Flavors: r-devel-linux-x86_64-debian-clang, r-devel-linux-x86_64-debian-gcc, r-devel-linux-x86_64-fedora-clang, r-devel-linux-x86_64-fedora-gcc