Last updated on 2023-09-29 00:56:52 CEST.
Flavor | Version | Tinstall | Tcheck | Ttotal | Status | Flags |
---|---|---|---|---|---|---|
r-devel-linux-x86_64-debian-clang | 1.1.2 | 13.09 | 38.29 | 51.38 | NOTE | |
r-devel-linux-x86_64-debian-gcc | 1.1.2 | 8.96 | 28.87 | 37.83 | NOTE | |
r-devel-linux-x86_64-fedora-clang | 1.1.2 | 69.94 | NOTE | |||
r-devel-linux-x86_64-fedora-gcc | 1.1.2 | 66.08 | NOTE | |||
r-devel-windows-x86_64 | 1.1.2 | 18.00 | 65.00 | 83.00 | NOTE | |
r-patched-linux-x86_64 | 1.1.2 | 13.10 | 36.89 | 49.99 | NOTE | |
r-release-linux-x86_64 | 1.1.2 | 11.67 | 36.80 | 48.47 | NOTE | |
r-release-macos-arm64 | 1.1.2 | 23.00 | NOTE | |||
r-release-macos-x86_64 | 1.1.2 | 35.00 | NOTE | |||
r-release-windows-x86_64 | 1.1.2 | 14.00 | 80.00 | 94.00 | NOTE | |
r-oldrel-macos-arm64 | 1.1.2 | 26.00 | OK | |||
r-oldrel-macos-x86_64 | 1.1.2 | 32.00 | OK | |||
r-oldrel-windows-x86_64 | 1.1.2 | 16.00 | 75.00 | 91.00 | OK |
Version: 1.1.2
Check: C++ specification
Result: NOTE
Specified C++11: please drop specification unless essential
Flavors: r-devel-linux-x86_64-debian-clang, r-devel-linux-x86_64-debian-gcc, r-devel-linux-x86_64-fedora-clang, r-devel-linux-x86_64-fedora-gcc, r-devel-windows-x86_64, r-patched-linux-x86_64, r-release-linux-x86_64, r-release-macos-arm64, r-release-macos-x86_64, r-release-windows-x86_64