CRAN Package Check Results for Package loe

Last updated on 2021-10-19 00:49:21 CEST.

Flavor Version Tinstall Tcheck Ttotal Status Flags
r-devel-linux-x86_64-debian-clang 1.1 3.51 28.77 32.28 OK
r-devel-linux-x86_64-debian-gcc 1.1 2.65 22.74 25.39 OK
r-devel-linux-x86_64-fedora-clang 1.1 50.04 NOTE
r-devel-linux-x86_64-fedora-gcc 1.1 38.80 NOTE
r-devel-windows-x86_64 1.1 6.00 51.00 57.00 OK
r-devel-windows-x86_64-gcc10-UCRT 1.1 OK
r-patched-linux-x86_64 1.1 3.58 28.12 31.70 OK
r-patched-solaris-x86 1.1 62.20 OK
r-release-linux-x86_64 1.1 3.30 28.44 31.74 OK
r-release-macos-arm64 1.1 OK
r-release-macos-x86_64 1.1 OK
r-release-windows-ix86+x86_64 1.1 8.00 62.00 70.00 OK
r-oldrel-macos-x86_64 1.1 OK
r-oldrel-windows-ix86+x86_64 1.1 10.00 66.00 76.00 OK

Check Details

Version: 1.1
Check: compiled code
Result: NOTE
    File ‘loe/libs/loe.so’:
     Found no calls to: ‘R_registerRoutines’, ‘R_useDynamicSymbols’
    
    It is good practice to register native routines and to disable symbol
    search.
    
    See ‘Writing portable packages’ in the ‘Writing R Extensions’ manual.
Flavors: r-devel-linux-x86_64-fedora-clang, r-devel-linux-x86_64-fedora-gcc