CRAN Package Check Results for Package log

Last updated on 2023-09-23 00:53:57 CEST.

Flavor Version Tinstall Tcheck Ttotal Status Flags
r-devel-linux-x86_64-debian-clang 1.1.1 3.84 28.48 32.32 OK
r-devel-linux-x86_64-debian-gcc 1.1.1 3.37 21.91 25.28 OK
r-devel-linux-x86_64-fedora-clang 1.1.1 40.11 NOTE
r-devel-linux-x86_64-fedora-gcc 1.1.1 38.94 NOTE
r-devel-windows-x86_64 1.1.1 4.00 46.00 50.00 OK
r-patched-linux-x86_64 1.1.1 3.82 27.42 31.24 OK
r-release-linux-x86_64 1.1.1 4.47 27.27 31.74 OK
r-release-macos-arm64 1.1.1 19.00 OK
r-release-macos-x86_64 1.1.1 24.00 OK
r-release-windows-x86_64 1.1.1 5.00 46.00 51.00 OK
r-oldrel-macos-arm64 1.1.1 19.00 OK
r-oldrel-macos-x86_64 1.1.1 27.00 NOTE
r-oldrel-windows-x86_64 1.1.1 8.00 48.00 56.00 OK

Check Details

Version: 1.1.1
Check: dependencies in R code
Result: NOTE
    Namespace in Imports field not imported from: ‘R6’
     All declared Imports should be used.
Flavors: r-devel-linux-x86_64-fedora-clang, r-devel-linux-x86_64-fedora-gcc, r-oldrel-macos-x86_64