CRAN Package Check Results for Package log4r

Last updated on 2021-12-06 00:48:33 CET.

Flavor Version Tinstall Tcheck Ttotal Status Flags
r-devel-linux-x86_64-debian-clang 0.4.2 3.48 51.95 55.43 OK
r-devel-linux-x86_64-debian-gcc 0.4.2 2.20 40.24 42.44 OK
r-devel-linux-x86_64-fedora-clang 0.4.2 69.42 OK
r-devel-linux-x86_64-fedora-gcc 0.4.2 56.85 OK
r-devel-windows-x86_64-new-UL 0.4.2 11.00 98.00 109.00 NOTE
r-devel-windows-x86_64-new-TK 0.4.2 NOTE
r-devel-windows-x86_64-old 0.4.2 7.00 64.00 71.00 NOTE
r-patched-linux-x86_64 0.4.2 2.92 37.16 40.08 OK
r-release-linux-x86_64 0.4.2 2.75 45.19 47.94 OK
r-release-macos-arm64 0.4.2 OK
r-release-macos-x86_64 0.4.2 OK
r-release-windows-ix86+x86_64 0.4.2 10.00 77.00 87.00 NOTE
r-oldrel-macos-x86_64 0.4.2 OK
r-oldrel-windows-ix86+x86_64 0.4.2 23.00 76.00 99.00 NOTE

Additional issues

rchk

Check Details

Version: 0.4.2
Check: package dependencies
Result: NOTE
    Package suggested but not available for checking: 'rsyslog'
Flavors: r-devel-windows-x86_64-new-UL, r-devel-windows-x86_64-new-TK, r-devel-windows-x86_64-old, r-release-windows-ix86+x86_64, r-oldrel-windows-ix86+x86_64

Version: 0.4.2
Check: Rd cross-references
Result: NOTE
    Package unavailable to check Rd xrefs: 'rsyslog'
Flavors: r-devel-windows-x86_64-new-UL, r-devel-windows-x86_64-new-TK, r-devel-windows-x86_64-old, r-release-windows-ix86+x86_64, r-oldrel-windows-ix86+x86_64