CRAN Package Check Results for Package logitr

Last updated on 2024-06-14 00:53:48 CEST.

Flavor Version Tinstall Tcheck Ttotal Status Flags
r-devel-linux-x86_64-debian-clang 1.1.1 4.74 177.96 182.70 NOTE
r-devel-linux-x86_64-debian-gcc 1.1.1 0.81 1.74 2.55 ERROR
r-devel-linux-x86_64-fedora-clang 1.1.1 231.77 NOTE
r-devel-linux-x86_64-fedora-gcc 1.1.1 242.22 NOTE
r-devel-windows-x86_64 1.1.1 6.00 213.00 219.00 NOTE
r-patched-linux-x86_64 1.1.1 4.28 176.25 180.53 NOTE
r-release-linux-x86_64 1.1.1 4.27 173.08 177.35 NOTE
r-release-macos-arm64 1.1.1 92.00 NOTE
r-release-macos-x86_64 1.1.1 149.00 NOTE
r-release-windows-x86_64 1.1.1 7.00 203.00 210.00 NOTE
r-oldrel-macos-arm64 1.1.1 88.00 OK
r-oldrel-macos-x86_64 1.1.1 161.00 OK
r-oldrel-windows-x86_64 1.1.1 8.00 243.00 251.00 OK

Check Details

Version: 1.1.1
Check: Rd files
Result: NOTE checkRd: (-1) apolloModeChoiceData.Rd:6: Lost braces; missing escapes or markup? 6 | \title{Simulated SP dataset of mode choice (from the {apollo} package).} | ^ checkRd: (-1) electricity.Rd:6: Lost braces; missing escapes or markup? 6 | \title{Stated preference data for the choice of electricity suppliers (from {mlogit} package)} | ^ checkRd: (-1) runtimes.Rd:24: Lost braces; missing escapes or markup? 24 | using the following R packages: {logitr}, {mixl}, {mlogit}, {gmnl}, and | ^ checkRd: (-1) runtimes.Rd:24: Lost braces; missing escapes or markup? 24 | using the following R packages: {logitr}, {mixl}, {mlogit}, {gmnl}, and | ^ checkRd: (-1) runtimes.Rd:24: Lost braces; missing escapes or markup? 24 | using the following R packages: {logitr}, {mixl}, {mlogit}, {gmnl}, and | ^ checkRd: (-1) runtimes.Rd:24: Lost braces; missing escapes or markup? 24 | using the following R packages: {logitr}, {mixl}, {mlogit}, {gmnl}, and | ^ checkRd: (-1) runtimes.Rd:25: Lost braces; missing escapes or markup? 25 | {apollo}. The run times are exported from the Google colab notebook here: | ^ Flavors: r-devel-linux-x86_64-debian-clang, r-devel-linux-x86_64-fedora-clang, r-devel-linux-x86_64-fedora-gcc, r-devel-windows-x86_64, r-patched-linux-x86_64, r-release-linux-x86_64, r-release-macos-arm64, r-release-macos-x86_64, r-release-windows-x86_64

Version: 1.1.1
Check: package dependencies
Result: ERROR Packages required but not available: 'nloptr', 'tibble' Packages suggested but not available for checking: 'apollo', 'broom', 'dplyr', 'fastDummies', 'ggplot2', 'ggrepel', 'gmnl', 'gtsummary', 'kableExtra', 'mixl', 'mlogit', 'testthat', 'tidyr' See section ‘The DESCRIPTION file’ in the ‘Writing R Extensions’ manual. Flavor: r-devel-linux-x86_64-debian-gcc