CRAN Package Check Results for Package lomb

Last updated on 2018-10-19 00:50:08 CEST.

Flavor Version Tinstall Tcheck Ttotal Status Flags
r-devel-linux-x86_64-debian-clang 1.0 1.24 22.71 23.95 NOTE
r-devel-linux-x86_64-debian-gcc 1.0 0.99 18.16 19.15 NOTE
r-devel-linux-x86_64-fedora-clang 1.0 28.37 NOTE
r-devel-linux-x86_64-fedora-gcc 1.0 27.29 NOTE
r-devel-windows-ix86+x86_64 1.0 4.00 42.00 46.00 NOTE
r-patched-linux-x86_64 1.0 1.12 20.64 21.76 NOTE
r-patched-solaris-x86 1.0 43.70 NOTE
r-release-linux-x86_64 1.0 0.94 21.03 21.97 NOTE
r-release-windows-ix86+x86_64 1.0 5.00 29.00 34.00 NOTE
r-release-osx-x86_64 1.0 NOTE
r-oldrel-windows-ix86+x86_64 1.0 3.00 31.00 34.00 NOTE
r-oldrel-osx-x86_64 1.0 NOTE

Check Details

Version: 1.0
Check: S3 generic/method consistency
Result: NOTE
    Found the following apparent S3 methods exported but not registered:
     plot.lsp summary.lsp summary.randlsp
    See section ‘Registering S3 methods’ in the ‘Writing R Extensions’
    manual.
Flavors: r-devel-linux-x86_64-debian-clang, r-devel-linux-x86_64-debian-gcc, r-devel-linux-x86_64-fedora-clang, r-devel-linux-x86_64-fedora-gcc, r-patched-linux-x86_64, r-patched-solaris-x86, r-release-linux-x86_64

Version: 1.0
Check: R code for possible problems
Result: NOTE
    lsp: no visible global function definition for ‘var’
    plot.lsp: no visible global function definition for ‘plot’
    plot.lsp: no visible global function definition for ‘lines’
    plot.lsp: no visible global function definition for ‘abline’
    randlsp: no visible global function definition for ‘is.ts’
    randlsp: no visible global function definition for ‘par’
    randlsp: no visible global function definition for ‘hist’
    randlsp: no visible global function definition for ‘abline’
    Undefined global functions or variables:
     abline hist is.ts lines par plot var
    Consider adding
     importFrom("graphics", "abline", "hist", "lines", "par", "plot")
     importFrom("stats", "is.ts", "var")
    to your NAMESPACE file.
Flavors: r-devel-linux-x86_64-debian-clang, r-devel-linux-x86_64-debian-gcc, r-devel-linux-x86_64-fedora-clang, r-devel-linux-x86_64-fedora-gcc, r-devel-windows-ix86+x86_64, r-patched-linux-x86_64, r-patched-solaris-x86, r-release-linux-x86_64, r-release-windows-ix86+x86_64, r-release-osx-x86_64, r-oldrel-windows-ix86+x86_64, r-oldrel-osx-x86_64