Last updated on 2023-06-02 01:00:30 CEST.
Flavor | Version | Tinstall | Tcheck | Ttotal | Status | Flags |
---|---|---|---|---|---|---|
r-devel-linux-x86_64-debian-clang | 1.0 | 18.10 | 151.29 | 169.39 | OK | |
r-devel-linux-x86_64-debian-gcc | 1.0 | 14.09 | 114.22 | 128.31 | OK | |
r-devel-linux-x86_64-fedora-clang | 1.0 | 213.39 | NOTE | |||
r-devel-linux-x86_64-fedora-gcc | 1.0 | 217.63 | OK | |||
r-devel-windows-x86_64 | 1.0 | 18.00 | 125.00 | 143.00 | OK | |
r-patched-linux-x86_64 | 1.0 | OK | ||||
r-release-linux-x86_64 | 1.0 | 18.42 | 145.45 | 163.87 | OK | |
r-release-macos-arm64 | 1.0 | 61.00 | OK | |||
r-release-macos-x86_64 | 1.0 | 80.00 | OK | |||
r-release-windows-x86_64 | 1.0 | 21.00 | 150.00 | 171.00 | OK | |
r-oldrel-macos-arm64 | 1.0 | 57.00 | OK | |||
r-oldrel-macos-x86_64 | 1.0 | 81.00 | OK | |||
r-oldrel-windows-x86_64 | 1.0 | 24.00 | 161.00 | 185.00 | OK |
Version: 1.0
Check: package dependencies
Result: NOTE
Imports includes 21 non-default packages.
Importing from so many packages makes the package vulnerable to any of
them becoming unavailable. Move as many as possible to Suggests and
use conditionally.
Flavor: r-devel-linux-x86_64-fedora-clang