Last updated on 2023-06-03 00:57:12 CEST.
Flavor | Version | Tinstall | Tcheck | Ttotal | Status | Flags |
---|---|---|---|---|---|---|
r-devel-linux-x86_64-debian-clang | 5.0 | 15.97 | 106.40 | 122.37 | OK | |
r-devel-linux-x86_64-debian-gcc | 5.0 | 13.29 | 81.82 | 95.11 | OK | |
r-devel-linux-x86_64-fedora-clang | 5.0 | 1.71 | ERROR | |||
r-devel-linux-x86_64-fedora-gcc | 5.0 | 148.00 | OK | |||
r-devel-windows-x86_64 | 5.0 | 14.00 | 93.00 | 107.00 | OK | |
r-patched-linux-x86_64 | 5.0 | OK | ||||
r-release-linux-x86_64 | 5.0 | 14.74 | 102.39 | 117.13 | OK | |
r-release-macos-arm64 | 5.0 | 47.00 | OK | |||
r-release-macos-x86_64 | 5.0 | 72.00 | OK | |||
r-release-windows-x86_64 | 5.0 | 17.00 | 110.00 | 127.00 | OK | |
r-oldrel-macos-arm64 | 5.0 | 39.00 | OK | |||
r-oldrel-macos-x86_64 | 5.0 | 58.00 | OK | |||
r-oldrel-windows-x86_64 | 5.0 | 17.00 | 112.00 | 129.00 | OK |
Version: 5.0
Check: package dependencies
Result: ERROR
Package required but not available: ‘MomTrunc’
See section ‘The DESCRIPTION file’ in the ‘Writing R Extensions’
manual.
Flavor: r-devel-linux-x86_64-fedora-clang