CRAN Package Check Results for Package lrequire

Last updated on 2021-10-25 00:49:16 CEST.

Flavor Version Tinstall Tcheck Ttotal Status Flags
r-devel-linux-x86_64-debian-clang 0.1.3 1.98 21.00 22.98 NOTE
r-devel-linux-x86_64-debian-gcc 0.1.3 1.54 16.95 18.49 NOTE
r-devel-linux-x86_64-fedora-clang 0.1.3 39.65 NOTE
r-devel-linux-x86_64-fedora-gcc 0.1.3 28.45 NOTE
r-devel-windows-x86_64 0.1.3 3.00 39.00 42.00 NOTE
r-devel-windows-x86_64-gcc10-UCRT 0.1.3 NOTE
r-patched-linux-x86_64 0.1.3 1.87 21.00 22.87 NOTE
r-patched-solaris-x86 0.1.3 45.00 NOTE
r-release-linux-x86_64 0.1.3 1.87 20.85 22.72 NOTE
r-release-macos-arm64 0.1.3 NOTE
r-release-macos-x86_64 0.1.3 NOTE
r-release-windows-ix86+x86_64 0.1.3 3.00 42.00 45.00 NOTE
r-oldrel-macos-x86_64 0.1.3 OK
r-oldrel-windows-ix86+x86_64 0.1.3 5.00 42.00 47.00 OK

Check Details

Version: 0.1.3
Check: LazyData
Result: NOTE
     'LazyData' is specified without a 'data' directory
Flavors: r-devel-linux-x86_64-debian-clang, r-devel-linux-x86_64-debian-gcc, r-devel-linux-x86_64-fedora-clang, r-devel-linux-x86_64-fedora-gcc, r-devel-windows-x86_64, r-devel-windows-x86_64-gcc10-UCRT, r-patched-linux-x86_64, r-patched-solaris-x86, r-release-linux-x86_64, r-release-macos-arm64, r-release-macos-x86_64, r-release-windows-ix86+x86_64