CRAN Package Check Results for Package lsa

Last updated on 2022-01-28 00:48:59 CET.

Flavor Version Tinstall Tcheck Ttotal Status Flags
r-devel-linux-x86_64-debian-clang 0.73.2 2.74 44.74 47.48 OK
r-devel-linux-x86_64-debian-gcc 0.73.2 2.52 36.00 38.52 OK
r-devel-linux-x86_64-fedora-clang 0.73.2 60.48 NOTE
r-devel-linux-x86_64-fedora-gcc 0.73.2 48.36 NOTE
r-devel-windows-x86_64-new-UL 0.73.2 26.00 75.00 101.00 OK
r-devel-windows-x86_64-new-TK 0.73.2 NOTE
r-patched-linux-x86_64 0.73.2 3.41 43.40 46.81 OK
r-release-linux-x86_64 0.73.2 3.66 43.44 47.10 OK
r-release-macos-arm64 0.73.2 NOTE
r-release-macos-x86_64 0.73.2 NOTE
r-release-windows-ix86+x86_64 0.73.2 7.00 57.00 64.00 OK
r-oldrel-macos-x86_64 0.73.2 NOTE
r-oldrel-windows-ix86+x86_64 0.73.2 7.00 56.00 63.00 OK

Check Details

Version: 0.73.2
Check: data for non-ASCII characters
Result: NOTE
     Note: found 143 marked Latin-1 strings
     Note: found 833 marked UTF-8 strings
Flavors: r-devel-linux-x86_64-fedora-clang, r-devel-linux-x86_64-fedora-gcc, r-devel-windows-x86_64-new-TK, r-release-macos-arm64, r-release-macos-x86_64, r-oldrel-macos-x86_64