CRAN Package Check Results for Package lsa

Last updated on 2024-02-24 00:51:19 CET.

Flavor Version Tinstall Tcheck Ttotal Status Flags
r-devel-linux-x86_64-debian-clang 0.73.3 3.44 38.72 42.16 NOTE
r-devel-linux-x86_64-debian-gcc 0.73.3 3.00 31.43 34.43 NOTE
r-devel-linux-x86_64-fedora-clang 0.73.3 53.81 NOTE
r-devel-linux-x86_64-fedora-gcc 0.73.3 52.37 NOTE
r-devel-windows-x86_64 0.73.3 4.00 59.00 63.00 NOTE
r-patched-linux-x86_64 0.73.3 4.42 38.12 42.54 NOTE
r-release-linux-x86_64 0.73.3 3.90 38.99 42.89 NOTE
r-release-macos-arm64 0.73.3 28.00 NOTE
r-release-macos-x86_64 0.73.3 32.00 NOTE
r-release-windows-x86_64 0.73.3 4.00 63.00 67.00 NOTE
r-oldrel-macos-arm64 0.73.3 24.00 OK
r-oldrel-windows-x86_64 0.73.3 7.00 66.00 73.00 OK

Check Details

Version: 0.73.3
Check: Rd files
Result: NOTE checkRd: (-1) specialchars.Rd:6: Escaped LaTeX specials: \& Flavors: r-devel-linux-x86_64-debian-clang, r-devel-linux-x86_64-debian-gcc, r-devel-linux-x86_64-fedora-clang, r-devel-linux-x86_64-fedora-gcc, r-devel-windows-x86_64, r-patched-linux-x86_64, r-release-linux-x86_64, r-release-macos-arm64, r-release-macos-x86_64, r-release-windows-x86_64

Version: 0.73.3
Check: data for non-ASCII characters
Result: NOTE Note: found 143 marked Latin-1 strings Note: found 833 marked UTF-8 strings Flavors: r-devel-linux-x86_64-fedora-clang, r-devel-linux-x86_64-fedora-gcc