CRAN Package Check Results for Package ltsa

Last updated on 2021-11-28 00:48:51 CET.

Flavor Version Tinstall Tcheck Ttotal Status Flags
r-devel-linux-x86_64-debian-clang 1.4.6 OK
r-devel-linux-x86_64-debian-gcc 1.4.6 3.35 23.52 26.87 OK
r-devel-linux-x86_64-fedora-clang 1.4.6 53.97 NOTE
r-devel-linux-x86_64-fedora-gcc 1.4.6 44.51 NOTE
r-devel-windows-x86_64-new-UL 1.4.6 20.00 71.00 91.00 OK
r-devel-windows-x86_64-new-TK 1.4.6 OK
r-devel-windows-x86_64-old 1.4.6 11.00 46.00 57.00 OK
r-patched-linux-x86_64 1.4.6 4.74 29.89 34.63 OK
r-patched-solaris-x86 1.4.6 60.10 OK
r-release-linux-x86_64 1.4.6 OK
r-release-macos-arm64 1.4.6 OK
r-release-macos-x86_64 1.4.6 OK
r-release-windows-ix86+x86_64 1.4.6 18.00 41.00 59.00 OK
r-oldrel-macos-x86_64 1.4.6 OK
r-oldrel-windows-ix86+x86_64 1.4.6 15.00 44.00 59.00 OK

Check Details

Version: 1.4.6
Check: compiled code
Result: NOTE
    File ‘ltsa/libs/ltsa.so’:
     Found no calls to: ‘R_registerRoutines’, ‘R_useDynamicSymbols’
    
    It is good practice to register native routines and to disable symbol
    search.
    
    See ‘Writing portable packages’ in the ‘Writing R Extensions’ manual.
Flavors: r-devel-linux-x86_64-fedora-clang, r-devel-linux-x86_64-fedora-gcc