CRAN Package Check Results for Package luca

Last updated on 2025-01-12 00:49:41 CET.

Flavor Version Tinstall Tcheck Ttotal Status Flags
r-devel-linux-x86_64-debian-clang 1.0-6 6.96 53.57 60.53 NOTE
r-devel-linux-x86_64-debian-gcc 1.0-6 4.44 40.22 44.66 NOTE
r-devel-linux-x86_64-fedora-clang 1.0-6 94.58 OK
r-devel-linux-x86_64-fedora-gcc 1.0-6 91.32 OK
r-devel-windows-x86_64 1.0-6 8.00 81.00 89.00 NOTE
r-patched-linux-x86_64 1.0-6 6.72 51.26 57.98 OK
r-release-macos-arm64 1.0-6 32.00 OK
r-release-macos-x86_64 1.0-6 45.00 OK
r-release-windows-x86_64 1.0-6 7.00 93.00 100.00 OK
r-oldrel-macos-arm64 1.0-6 36.00 OK
r-oldrel-macos-x86_64 1.0-6 53.00 OK
r-oldrel-windows-x86_64 1.0-6 9.00 83.00 92.00 OK

Check Details

Version: 1.0-6
Check: Rd cross-references
Result: NOTE Found the following Rd file(s) with Rd \link{} targets missing package anchors: luca.Rd: coxph, clogit Please provide package anchors for all Rd \link{} targets not in the package itself and the base packages. Flavors: r-devel-linux-x86_64-debian-clang, r-devel-linux-x86_64-debian-gcc, r-devel-windows-x86_64