Last updated on 2023-09-23 00:53:57 CEST.
Flavor | Version | Tinstall | Tcheck | Ttotal | Status | Flags |
---|---|---|---|---|---|---|
r-devel-linux-x86_64-debian-clang | 0.2.0 | 104.58 | 139.41 | 243.99 | NOTE | |
r-devel-linux-x86_64-debian-gcc | 0.2.0 | 73.93 | 107.97 | 181.90 | NOTE | |
r-devel-linux-x86_64-fedora-clang | 0.2.0 | 330.55 | NOTE | |||
r-devel-linux-x86_64-fedora-gcc | 0.2.0 | 326.73 | NOTE | |||
r-devel-windows-x86_64 | 0.2.0 | 77.00 | 140.00 | 217.00 | NOTE | |
r-patched-linux-x86_64 | 0.2.0 | 97.12 | 133.85 | 230.97 | NOTE | |
r-release-linux-x86_64 | 0.2.0 | 98.76 | 132.93 | 231.69 | NOTE | |
r-release-macos-arm64 | 0.2.0 | 83.00 | NOTE | |||
r-release-macos-x86_64 | 0.2.0 | 155.00 | NOTE | |||
r-release-windows-x86_64 | 0.2.0 | 99.00 | 162.00 | 261.00 | NOTE | |
r-oldrel-macos-arm64 | 0.2.0 | 75.00 | NOTE | |||
r-oldrel-macos-x86_64 | 0.2.0 | 109.00 | NOTE | |||
r-oldrel-windows-x86_64 | 0.2.0 | 98.00 | 152.00 | 250.00 | OK |
Version: 0.2.0
Check: C++ specification
Result: NOTE
Specified C++11: please drop specification unless essential
Flavors: r-devel-linux-x86_64-debian-clang, r-devel-linux-x86_64-debian-gcc, r-devel-linux-x86_64-fedora-clang, r-devel-linux-x86_64-fedora-gcc, r-devel-windows-x86_64, r-patched-linux-x86_64, r-release-linux-x86_64, r-release-macos-arm64, r-release-macos-x86_64, r-release-windows-x86_64
Version: 0.2.0
Check: installed package size
Result: NOTE
installed size is 6.2Mb
sub-directories of 1Mb or more:
data 2.1Mb
libs 3.9Mb
Flavors: r-release-macos-arm64, r-release-macos-x86_64, r-oldrel-macos-arm64, r-oldrel-macos-x86_64