Last updated on 2023-09-24 23:59:53 CEST.
Flavor | Version | Tinstall | Tcheck | Ttotal | Status | Flags |
---|---|---|---|---|---|---|
r-devel-linux-x86_64-debian-clang | 0.2.1 | 1.49 | 44.93 | 46.42 | OK | |
r-devel-linux-x86_64-debian-gcc | 0.2.1 | 1.86 | 34.05 | 35.91 | OK | |
r-devel-linux-x86_64-fedora-clang | 0.2.1 | 56.69 | NOTE | |||
r-devel-linux-x86_64-fedora-gcc | 0.2.1 | 57.61 | NOTE | |||
r-devel-windows-x86_64 | 0.2.1 | 4.00 | 59.00 | 63.00 | OK | |
r-patched-linux-x86_64 | 0.2.1 | 1.79 | 42.91 | 44.70 | OK | |
r-release-linux-x86_64 | 0.2.1 | 1.74 | 43.99 | 45.73 | OK | |
r-release-macos-arm64 | 0.2.1 | 22.00 | OK | |||
r-release-macos-x86_64 | 0.2.1 | 32.00 | OK | |||
r-release-windows-x86_64 | 0.2.1 | 4.00 | 59.00 | 63.00 | OK | |
r-oldrel-macos-arm64 | 0.2.1 | 22.00 | OK | |||
r-oldrel-macos-x86_64 | 0.2.1 | 28.00 | NOTE | |||
r-oldrel-windows-x86_64 | 0.2.1 | 4.00 | 62.00 | 66.00 | OK |
Version: 0.2.1
Check: dependencies in R code
Result: NOTE
Namespaces in Imports field not imported from:
‘ncdf4’ ‘raster’
All declared Imports should be used.
Flavors: r-devel-linux-x86_64-fedora-clang, r-devel-linux-x86_64-fedora-gcc, r-oldrel-macos-x86_64