CRAN Package Check Results for Package lvnet

Last updated on 2021-10-27 00:51:09 CEST.

Flavor Version Tinstall Tcheck Ttotal Status Flags
r-devel-linux-x86_64-debian-clang 0.3.5 18.50 162.55 181.05 OK
r-devel-linux-x86_64-debian-gcc 0.3.5 15.89 120.22 136.11 OK
r-devel-linux-x86_64-fedora-clang 0.3.5 230.00 OK
r-devel-linux-x86_64-fedora-gcc 0.3.5 210.44 OK
r-devel-windows-x86_64 0.3.5 29.00 186.00 215.00 OK
r-devel-windows-x86_64-gcc10-UCRT 0.3.5 OK
r-patched-linux-x86_64 0.3.5 18.14 149.19 167.33 OK
r-patched-solaris-x86 0.3.5 304.20 ERROR
r-release-linux-x86_64 0.3.5 17.77 149.80 167.57 OK
r-release-macos-arm64 0.3.5 OK
r-release-macos-x86_64 0.3.5 OK
r-release-windows-ix86+x86_64 0.3.5 32.00 527.00 559.00 OK
r-oldrel-macos-x86_64 0.3.5 OK
r-oldrel-windows-ix86+x86_64 0.3.5 45.00 188.00 233.00 OK

Check Details

Version: 0.3.5
Check: examples
Result: ERROR
    Running examples in ‘lvnet-Ex.R’ failed
    The error most likely occurred in:
    
    > ### Name: lvnet
    > ### Title: Confirmatory Latent Variable Network Models
    > ### Aliases: lvnet
    >
    > ### ** Examples
    >
    > # Load dataset:
    > library("lavaan")
    This is lavaan 0.6-9
    lavaan is FREE software! Please report any bugs.
    > data(HolzingerSwineford1939)
    > Data <- HolzingerSwineford1939[,7:15]
    >
    > # Measurement model:
    > Lambda <- matrix(0, 9, 3)
    > Lambda[1:3,1] <- NA
    > Lambda[4:6,2] <- NA
    > Lambda[7:9,3] <- NA
    >
    > # Fit CFA model:
    > CFA <- lvnet(Data, lambda = Lambda)
    Error: C stack usage 330339476 is too close to the limit
    Error: The job for model 'model' exited abnormally with the error message: User interrupt
    Execution halted
Flavor: r-patched-solaris-x86