Last updated on 2023-06-09 00:54:26 CEST.
Flavor | Version | Tinstall | Tcheck | Ttotal | Status | Flags |
---|---|---|---|---|---|---|
r-devel-linux-x86_64-debian-clang | 0.2-13 | 99.05 | 75.32 | 174.37 | OK | |
r-devel-linux-x86_64-debian-gcc | 0.2-13 | 90.48 | 57.66 | 148.14 | OK | |
r-devel-linux-x86_64-fedora-clang | 0.2-13 | 248.45 | OK | |||
r-devel-linux-x86_64-fedora-gcc | 0.2-13 | 269.11 | OK | |||
r-devel-windows-x86_64 | 0.2-13 | 101.00 | 260.00 | 361.00 | NOTE | |
r-patched-linux-x86_64 | 0.2-13 | 88.15 | 72.26 | 160.41 | OK | |
r-release-linux-x86_64 | 0.2-13 | 90.24 | 71.78 | 162.02 | OK | |
r-release-macos-arm64 | 0.2-13 | 70.00 | NOTE | |||
r-release-macos-x86_64 | 0.2-11 | 117.00 | NOTE | |||
r-release-windows-x86_64 | 0.2-13 | 126.00 | 307.00 | 433.00 | NOTE | |
r-oldrel-macos-arm64 | 0.2-13 | 70.00 | NOTE | |||
r-oldrel-macos-x86_64 | 0.2-13 | 91.00 | NOTE | |||
r-oldrel-windows-x86_64 | 0.2-13 | 176.00 | 584.00 | 760.00 | NOTE |
Version: 0.2-13
Check: installed package size
Result: NOTE
installed size is 29.6Mb
sub-directories of 1Mb or more:
gdal 2.9Mb
libs 18.3Mb
proj 8.3Mb
Flavors: r-devel-windows-x86_64, r-release-macos-arm64, r-release-windows-x86_64, r-oldrel-macos-arm64, r-oldrel-macos-x86_64, r-oldrel-windows-x86_64
Version: 0.2-11
Check: C++ specification
Result: NOTE
Specified C++11: please drop specification unless essential
Flavor: r-release-macos-x86_64
Version: 0.2-11
Check: installed package size
Result: NOTE
installed size is 25.2Mb
sub-directories of 1Mb or more:
libs 25.1Mb
Flavor: r-release-macos-x86_64