CRAN Package Check Results for Package lwgeom

Last updated on 2021-10-19 00:49:22 CEST.

Flavor Version Tinstall Tcheck Ttotal Status Flags
r-devel-linux-x86_64-debian-clang 0.2-8 85.66 69.25 154.91 OK
r-devel-linux-x86_64-debian-gcc 0.2-8 72.02 52.95 124.97 OK
r-devel-linux-x86_64-fedora-clang 0.2-8 231.08 OK
r-devel-linux-x86_64-fedora-gcc 0.2-8 217.85 OK
r-devel-windows-x86_64 0.2-8 153.00 136.00 289.00 NOTE
r-devel-windows-x86_64-gcc10-UCRT 0.2-8 WARN
r-patched-linux-x86_64 0.2-8 80.36 65.83 146.19 OK
r-patched-solaris-x86 0.2-8 212.90 OK
r-release-linux-x86_64 0.2-8 81.57 65.09 146.66 OK
r-release-macos-arm64 0.2-7 NOTE
r-release-macos-x86_64 0.2-8 NOTE
r-release-windows-ix86+x86_64 0.2-8 209.00 227.00 436.00 NOTE
r-oldrel-macos-x86_64 0.2-8 NOTE
r-oldrel-windows-ix86+x86_64 0.2-8 202.00 166.00 368.00 NOTE

Check Details

Version: 0.2-8
Check: installed package size
Result: NOTE
     installed size is 10.9Mb
     sub-directories of 1Mb or more:
     libs 10.8Mb
Flavors: r-devel-windows-x86_64, r-release-macos-x86_64, r-release-windows-ix86+x86_64, r-oldrel-macos-x86_64, r-oldrel-windows-ix86+x86_64

Version: 0.2-8
Check: whether package can be installed
Result: WARN
    Found the following significant warnings:
     WARNING: failed to apply patch patches/CRAN/lwgeom.diff
Flavor: r-devel-windows-x86_64-gcc10-UCRT

Version: 0.2-7
Check: installed package size
Result: NOTE
     installed size is 122.2Mb
     sub-directories of 1Mb or more:
     libs 122.0Mb
Flavor: r-release-macos-arm64