CRAN Package Check Results for Package m2b

Last updated on 2021-12-03 00:48:46 CET.

Flavor Version Tinstall Tcheck Ttotal Status Flags
r-devel-linux-x86_64-debian-clang 1.0 6.63 89.45 96.08 OK
r-devel-linux-x86_64-debian-gcc 1.0 5.14 69.56 74.70 OK
r-devel-linux-x86_64-fedora-clang 1.0 124.45 NOTE
r-devel-linux-x86_64-fedora-gcc 1.0 111.52 NOTE
r-devel-windows-x86_64-new-UL 1.0 16.00 146.00 162.00 OK
r-devel-windows-x86_64-new-TK 1.0 NOTE
r-devel-windows-x86_64-old 1.0 13.00 85.00 98.00 OK
r-patched-linux-x86_64 1.0 12.29 81.67 93.96 OK
r-patched-solaris-x86 1.0 126.60 NOTE
r-release-linux-x86_64 1.0 5.60 81.38 86.98 OK
r-release-macos-arm64 1.0 NOTE
r-release-macos-x86_64 1.0 NOTE
r-release-windows-ix86+x86_64 1.0 15.00 116.00 131.00 OK
r-oldrel-macos-x86_64 1.0 NOTE
r-oldrel-windows-ix86+x86_64 1.0 15.00 114.00 129.00 OK

Check Details

Version: 1.0
Check: dependencies in R code
Result: NOTE
    Namespaces in Imports field not imported from:
     ‘e1071’ ‘utils’
     All declared Imports should be used.
Flavors: r-devel-linux-x86_64-fedora-clang, r-devel-linux-x86_64-fedora-gcc, r-devel-windows-x86_64-new-TK, r-patched-solaris-x86, r-release-macos-arm64, r-release-macos-x86_64, r-oldrel-macos-x86_64