Last updated on 2025-04-30 00:49:51 CEST.
Flavor | Version | Tinstall | Tcheck | Ttotal | Status | Flags |
---|---|---|---|---|---|---|
r-devel-linux-x86_64-debian-clang | 1.1.0 | 20.97 | 166.40 | 187.37 | NOTE | |
r-devel-linux-x86_64-debian-gcc | 1.1.0 | 14.46 | 114.07 | 128.53 | OK | |
r-devel-linux-x86_64-fedora-clang | 1.1.0 | 299.16 | OK | |||
r-devel-linux-x86_64-fedora-gcc | 1.1.0 | 302.51 | OK | |||
r-devel-windows-x86_64 | 1.1.0 | 24.00 | 202.00 | 226.00 | OK | |
r-patched-linux-x86_64 | 1.1.0 | 22.45 | 158.49 | 180.94 | OK | |
r-release-linux-x86_64 | 1.1.0 | 20.09 | 157.23 | 177.32 | OK | |
r-release-macos-arm64 | 1.1.0 | 89.00 | OK | |||
r-release-macos-x86_64 | 1.1.0 | 183.00 | OK | |||
r-release-windows-x86_64 | 1.1.0 | 25.00 | 187.00 | 212.00 | OK | |
r-oldrel-macos-arm64 | 1.1.0 | 83.00 | OK | |||
r-oldrel-macos-x86_64 | 1.1.0 | 134.00 | OK | |||
r-oldrel-windows-x86_64 | 1.1.0 | 29.00 | 247.00 | 276.00 | OK |
Version: 1.1.0
Check: examples
Result: NOTE
Examples with CPU (user + system) or elapsed time > 5s
user system elapsed
pd_RW_emiss_count 5.802 0.008 7.138
Flavor: r-devel-linux-x86_64-debian-clang