CRAN Package Check Results for Package mHMMbayes

Last updated on 2024-06-14 00:53:49 CEST.

Flavor Version Tinstall Tcheck Ttotal Status Flags
r-devel-linux-x86_64-debian-clang 1.1.0 39.88 216.30 256.18 OK
r-devel-linux-x86_64-debian-gcc 1.1.0 23.72 118.57 142.29 ERROR
r-devel-linux-x86_64-fedora-clang 1.1.0 312.38 OK
r-devel-linux-x86_64-fedora-gcc 1.1.0 310.83 OK
r-devel-windows-x86_64 1.1.0 29.00 189.00 218.00 OK
r-patched-linux-x86_64 1.1.0 29.24 204.39 233.63 OK
r-release-linux-x86_64 1.1.0 29.89 184.85 214.74 OK
r-release-macos-arm64 1.1.0 83.00 OK
r-release-macos-x86_64 1.1.0 134.00 OK
r-release-windows-x86_64 1.1.0 27.00 183.00 210.00 OK
r-oldrel-macos-arm64 1.1.0 91.00 OK
r-oldrel-macos-x86_64 1.1.0 209.00 OK
r-oldrel-windows-x86_64 1.1.0 35.00 224.00 259.00 OK

Check Details

Version: 1.1.0
Check: package dependencies
Result: NOTE Package suggested but not available for checking: ‘testthat’ Flavor: r-devel-linux-x86_64-debian-gcc

Version: 1.1.0
Check: tests
Result: ERROR Running ‘testthat.R’ [0s/1s] Running the tests in ‘tests/testthat.R’ failed. Complete output: > library(testthat) Error in library(testthat) : there is no package called 'testthat' Execution halted Flavor: r-devel-linux-x86_64-debian-gcc