CRAN Package Check Results for Package magic

Last updated on 2021-09-21 00:49:08 CEST.

Flavor Version Tinstall Tcheck Ttotal Status Flags
r-devel-linux-x86_64-debian-clang 1.5-9 4.75 57.14 61.89 OK
r-devel-linux-x86_64-debian-gcc 1.5-9 3.96 43.62 47.58 OK
r-devel-linux-x86_64-fedora-clang 1.5-9 84.23 OK
r-devel-linux-x86_64-fedora-gcc 1.5-9 71.56 OK
r-devel-windows-x86_64 1.5-9 7.00 60.00 67.00 OK
r-devel-windows-x86_64-gcc10-UCRT 1.5-9 ERROR
r-patched-linux-x86_64 1.5-9 5.48 55.65 61.13 OK
r-patched-solaris-x86 1.5-9 102.20 OK
r-release-linux-x86_64 1.5-9 4.51 55.81 60.32 OK
r-release-macos-arm64 1.5-9 OK
r-release-macos-x86_64 1.5-9 OK
r-release-windows-ix86+x86_64 1.5-9 9.00 61.00 70.00 OK
r-oldrel-macos-x86_64 1.5-9 OK
r-oldrel-windows-ix86+x86_64 1.5-9 8.00 61.00 69.00 OK

Check Details

Version: 1.5-9
Check: whether package can be installed
Result: WARN
    Found the following significant warnings:
     WARNING: installation-time patches will not be applied, could not get the patches index
Flavor: r-devel-windows-x86_64-gcc10-UCRT

Version: 1.5-9
Check: PDF version of manual
Result: WARN
    LaTeX errors when creating PDF version.
    This typically indicates Rd problems.
Flavor: r-devel-windows-x86_64-gcc10-UCRT

Version: 1.5-9
Check: PDF version of manual without hyperrefs or index
Result: ERROR
    Re-running with no redirection of stdout/stderr.
Flavor: r-devel-windows-x86_64-gcc10-UCRT