Last updated on 2023-01-30 00:31:16 CET.
Flavor | Version | Tinstall | Tcheck | Ttotal | Status | Flags |
---|---|---|---|---|---|---|
r-devel-linux-x86_64-debian-clang | 2.7.3 | 139.60 | 242.28 | 381.88 | OK | |
r-devel-linux-x86_64-debian-gcc | 2.7.3 | 108.02 | 157.02 | 265.04 | NOTE | |
r-devel-linux-x86_64-fedora-clang | 2.7.3 | 576.24 | NOTE | |||
r-devel-linux-x86_64-fedora-gcc | 2.7.3 | 504.60 | NOTE | |||
r-devel-windows-x86_64 | 2.7.3 | 263.00 | 424.00 | 687.00 | NOTE | |
r-patched-linux-x86_64 | 2.7.3 | 128.22 | 198.39 | 326.61 | OK | |
r-release-linux-x86_64 | 2.7.3 | 126.27 | 203.83 | 330.10 | OK | |
r-release-macos-arm64 | 2.7.3 | 110.00 | NOTE | |||
r-release-macos-x86_64 | 2.7.3 | 193.00 | NOTE | |||
r-release-windows-x86_64 | 2.7.3 | 206.00 | 410.00 | 616.00 | NOTE | |
r-oldrel-macos-arm64 | 2.7.3 | 132.00 | NOTE | |||
r-oldrel-macos-x86_64 | 2.7.3 | 174.00 | NOTE | |||
r-oldrel-windows-ix86+x86_64 | 2.7.3 | 393.00 | 464.00 | 857.00 | NOTE |
Version: 2.7.3
Check: C++ specification
Result: NOTE
Specified C++11: please update to current default of C++17
Flavors: r-devel-linux-x86_64-debian-gcc, r-devel-linux-x86_64-fedora-clang, r-devel-linux-x86_64-fedora-gcc
Version: 2.7.3
Check: package dependencies
Result: NOTE
Package suggested but not available for checking: ‘tesseract’
Flavor: r-devel-linux-x86_64-fedora-clang
Version: 2.7.3
Check: installed package size
Result: NOTE
installed size is 7.8Mb
sub-directories of 1Mb or more:
doc 6.6Mb
Flavors: r-devel-linux-x86_64-fedora-clang, r-devel-windows-x86_64, r-release-macos-arm64, r-release-macos-x86_64, r-release-windows-x86_64, r-oldrel-macos-arm64, r-oldrel-macos-x86_64, r-oldrel-windows-ix86+x86_64
Version: 2.7.3
Check: package dependencies
Result: NOTE
Packages suggested but not available for checking: 'pdftools', 'tesseract'
Flavor: r-release-macos-x86_64
Version: 2.7.3
Check: Rd cross-references
Result: NOTE
Packages unavailable to check Rd xrefs: ‘pdftools’, ‘tesseract’
Flavor: r-release-macos-x86_64