CRAN Package Check Results for Package magmaR

Last updated on 2021-09-28 00:48:27 CEST.

Flavor Version Tinstall Tcheck Ttotal Status Flags
r-devel-linux-x86_64-debian-clang 1.0.1 3.06 71.37 74.43 OK
r-devel-linux-x86_64-debian-gcc 1.0.1 2.13 53.69 55.82 OK
r-devel-linux-x86_64-fedora-clang 1.0.1 81.86 NOTE
r-devel-linux-x86_64-fedora-gcc 1.0.1 69.41 NOTE
r-devel-windows-x86_64 1.0.1 4.00 76.00 80.00 OK
r-devel-windows-x86_64-gcc10-UCRT 1.0.1 OK
r-patched-linux-x86_64 1.0.1 3.32 70.36 73.68 OK
r-patched-solaris-x86 1.0.1 69.00 OK
r-release-linux-x86_64 1.0.1 2.78 70.38 73.16 OK
r-release-macos-arm64 1.0.1 OK
r-release-macos-x86_64 1.0.1 NOTE
r-release-windows-ix86+x86_64 1.0.1 7.00 80.00 87.00 OK
r-oldrel-macos-x86_64 1.0.1 NOTE
r-oldrel-windows-ix86+x86_64 1.0.1 6.00 78.00 84.00 OK

Check Details

Version: 1.0.1
Check: package dependencies
Result: NOTE
    Package suggested but not available for checking: ‘dittoSeq’
Flavors: r-devel-linux-x86_64-fedora-clang, r-devel-linux-x86_64-fedora-gcc, r-release-macos-x86_64, r-oldrel-macos-x86_64