CRAN Package Check Results for Package malariaAtlas

Last updated on 2023-05-29 00:59:38 CEST.

Flavor Version Tinstall Tcheck Ttotal Status Flags
r-devel-linux-x86_64-debian-clang 1.0.1 9.10 126.48 135.58 NOTE
r-devel-linux-x86_64-debian-gcc 1.0.1 7.27 95.74 103.01 NOTE
r-devel-linux-x86_64-fedora-clang 1.0.1 164.01 NOTE
r-devel-linux-x86_64-fedora-gcc 1.0.1 172.79 NOTE
r-devel-windows-x86_64 1.0.1 11.00 164.00 175.00 NOTE
r-patched-linux-x86_64 1.0.1 14.35 121.34 135.69 NOTE
r-release-linux-x86_64 1.0.1 6.58 118.63 125.21 NOTE
r-release-macos-arm64 1.0.1 87.00 NOTE
r-release-macos-x86_64 1.0.1 116.00 NOTE
r-release-windows-x86_64 1.0.1 12.00 202.00 214.00 NOTE
r-oldrel-macos-arm64 1.0.1 104.00 NOTE
r-oldrel-macos-x86_64 1.0.1 148.00 NOTE
r-oldrel-windows-x86_64 1.0.1 11.00 192.00 203.00 NOTE

Check Details

Version: 1.0.1
Check: LazyData
Result: NOTE
     'LazyData' is specified without a 'data' directory
Flavors: r-devel-linux-x86_64-debian-clang, r-devel-linux-x86_64-debian-gcc, r-devel-linux-x86_64-fedora-clang, r-devel-linux-x86_64-fedora-gcc, r-devel-windows-x86_64, r-patched-linux-x86_64, r-release-linux-x86_64, r-release-macos-arm64, r-release-macos-x86_64, r-release-windows-x86_64, r-oldrel-macos-arm64, r-oldrel-macos-x86_64, r-oldrel-windows-x86_64

Version: 1.0.1
Check: dependencies in R code
Result: NOTE
    Namespace in Imports field not imported from: ‘grid’
     All declared Imports should be used.
Flavors: r-devel-linux-x86_64-fedora-clang, r-devel-linux-x86_64-fedora-gcc, r-oldrel-macos-arm64, r-oldrel-macos-x86_64