CRAN Package Check Results for Package manydata

Last updated on 2023-09-27 00:10:12 CEST.

Flavor Version Tinstall Tcheck Ttotal Status Flags
r-devel-linux-x86_64-debian-clang 0.8.3 9.20 112.89 122.09 OK
r-devel-linux-x86_64-debian-gcc 0.8.3 8.36 83.22 91.58 OK
r-devel-linux-x86_64-fedora-clang 0.8.3 146.74 NOTE
r-devel-linux-x86_64-fedora-gcc 0.8.3 157.27 NOTE
r-devel-windows-x86_64 0.8.3 10.00 110.00 120.00 OK
r-patched-linux-x86_64 0.8.3 8.38 105.66 114.04 OK
r-release-linux-x86_64 0.8.3 6.34 106.50 112.84 OK
r-release-macos-arm64 0.8.3 55.00 OK
r-release-macos-x86_64 0.8.3 122.00 OK
r-release-windows-x86_64 0.8.3 13.00 131.00 144.00 OK
r-oldrel-macos-arm64 0.8.3 53.00 OK
r-oldrel-macos-x86_64 0.8.3 73.00 OK
r-oldrel-windows-x86_64 0.8.3 13.00 152.00 165.00 OK

Check Details

Version: 0.8.3
Check: data for non-ASCII characters
Result: NOTE
     Note: found 3 marked UTF-8 strings
Flavors: r-devel-linux-x86_64-fedora-clang, r-devel-linux-x86_64-fedora-gcc