CRAN Package Check Results for Package manymodelr

Last updated on 2021-10-24 00:51:02 CEST.

Flavor Version Tinstall Tcheck Ttotal Status Flags
r-devel-linux-x86_64-debian-clang 0.3.6 15.82 165.64 181.46 OK
r-devel-linux-x86_64-debian-gcc 0.3.6 13.72 123.37 137.09 OK
r-devel-linux-x86_64-fedora-clang 0.3.6 224.06 OK
r-devel-linux-x86_64-fedora-gcc 0.3.6 211.05 OK
r-devel-windows-x86_64 0.3.6 24.00 230.00 254.00 OK
r-devel-windows-x86_64-gcc10-UCRT 0.3.6 OK
r-patched-linux-x86_64 0.3.6 15.85 171.57 187.42 OK
r-patched-solaris-x86 0.3.6 320.20 OK
r-release-linux-x86_64 0.3.6 16.13 170.86 186.99 OK
r-release-macos-arm64 0.3.6 OK
r-release-macos-x86_64 0.3.6 OK
r-release-windows-ix86+x86_64 0.3.6 26.00 292.00 318.00 WARN
r-oldrel-macos-x86_64 0.3.6 OK
r-oldrel-windows-ix86+x86_64 0.3.6 41.00 253.00 294.00 OK

Check Details

Version: 0.3.6
Check: re-building of vignette outputs
Result: WARN
    Error(s) in re-building vignettes:
    --- re-building 'correlations.rmd' using rmarkdown
    --- finished re-building 'correlations.rmd'
    
    --- re-building 'manymodelr_vignette.rmd' using rmarkdown
    --- finished re-building 'manymodelr_vignette.rmd'
    
    --- re-building 'misc.rmd' using rmarkdown
    --- finished re-building 'misc.rmd'
    
    --- re-building 'modeling.rmd' using rmarkdown
    pandoc.exe: Could not fetch https://zenodo.org/badge/DOI/10.5281/zenodo.3891106.svg
    HttpExceptionRequest Request {
     host = "zenodo.org"
     port = 443
     secure = True
     requestHeaders = []
     path = "/badge/DOI/10.5281/zenodo.3891106.svg"
     queryString = ""
     method = "GET"
     proxy = Nothing
     rawBody = False
     redirectCount = 10
     responseTimeout = ResponseTimeoutDefault
     requestVersion = HTTP/1.1
    }
     ResponseTimeout
    Error: processing vignette 'modeling.rmd' failed with diagnostics:
    pandoc document conversion failed with error 67
    --- failed re-building 'modeling.rmd'
    
    SUMMARY: processing the following file failed:
     'modeling.rmd'
    
    Error: Vignette re-building failed.
    Execution halted
Flavor: r-release-windows-ix86+x86_64