Last updated on 2025-04-30 00:49:50 CEST.
Flavor | Version | Tinstall | Tcheck | Ttotal | Status | Flags |
---|---|---|---|---|---|---|
r-devel-linux-x86_64-debian-clang | 0.4.0 | 5.18 | 67.80 | 72.98 | NOTE | |
r-devel-linux-x86_64-debian-gcc | 0.4.0 | 3.53 | 48.32 | 51.85 | OK | |
r-devel-linux-x86_64-fedora-clang | 0.4.0 | 113.87 | OK | |||
r-devel-linux-x86_64-fedora-gcc | 0.4.0 | 120.26 | OK | |||
r-devel-windows-x86_64 | 0.4.0 | 8.00 | 79.00 | 87.00 | OK | |
r-patched-linux-x86_64 | 0.4.0 | 4.97 | 63.16 | 68.13 | OK | |
r-release-linux-x86_64 | 0.4.0 | 4.35 | 63.02 | 67.37 | OK | |
r-release-macos-arm64 | 0.4.0 | 51.00 | OK | |||
r-release-macos-x86_64 | 0.4.0 | 94.00 | OK | |||
r-release-windows-x86_64 | 0.4.0 | 8.00 | 78.00 | 86.00 | OK | |
r-oldrel-macos-arm64 | 0.4.0 | 46.00 | OK | |||
r-oldrel-macos-x86_64 | 0.4.0 | 90.00 | OK | |||
r-oldrel-windows-x86_64 | 0.4.0 | 8.00 | 93.00 | 101.00 | OK |
Version: 0.4.0
Check: examples
Result: NOTE
Examples with CPU (user + system) or elapsed time > 5s
user system elapsed
as_flextable.indirect_list 5.467 0.064 6.634
as_flextable.cond_indirect_effects 4.528 0.042 5.582
Flavor: r-devel-linux-x86_64-debian-clang