CRAN Package Check Results for Package mapcan

Last updated on 2021-10-19 00:49:22 CEST.

Flavor Version Tinstall Tcheck Ttotal Status Flags
r-devel-linux-x86_64-debian-clang 0.0.1 5.53 41.07 46.60 OK
r-devel-linux-x86_64-debian-gcc 0.0.1 4.81 31.91 36.72 OK
r-devel-linux-x86_64-fedora-clang 0.0.1 67.08 NOTE
r-devel-linux-x86_64-fedora-gcc 0.0.1 55.37 NOTE
r-devel-windows-x86_64 0.0.1 12.00 65.00 77.00 OK
r-devel-windows-x86_64-gcc10-UCRT 0.0.1 NOTE
r-patched-linux-x86_64 0.0.1 6.39 29.84 36.23 OK
r-patched-solaris-x86 0.0.1 87.90 NOTE
r-release-linux-x86_64 0.0.1 6.41 30.25 36.66 OK
r-release-macos-arm64 0.0.1 NOTE
r-release-macos-x86_64 0.0.1 NOTE
r-release-windows-ix86+x86_64 0.0.1 13.00 50.00 63.00 OK
r-oldrel-macos-x86_64 0.0.1 NOTE
r-oldrel-windows-ix86+x86_64 0.0.1 13.00 52.00 65.00 OK

Check Details

Version: 0.0.1
Check: dependencies in R code
Result: NOTE
    Namespace in Imports field not imported from: ‘dplyr’
     All declared Imports should be used.
Flavors: r-devel-linux-x86_64-fedora-clang, r-devel-linux-x86_64-fedora-gcc, r-devel-windows-x86_64-gcc10-UCRT, r-patched-solaris-x86, r-release-macos-arm64, r-release-macos-x86_64, r-oldrel-macos-x86_64

Version: 0.0.1
Check: data for non-ASCII characters
Result: NOTE
     Note: found 3058 marked UTF-8 strings
Flavors: r-devel-linux-x86_64-fedora-clang, r-devel-linux-x86_64-fedora-gcc, r-devel-windows-x86_64-gcc10-UCRT, r-patched-solaris-x86, r-release-macos-arm64, r-release-macos-x86_64, r-oldrel-macos-x86_64

Version: 0.0.1
Check: installed package size
Result: NOTE
     installed size is 5.4Mb
     sub-directories of 1Mb or more:
     data 2.5Mb
     doc 1.2Mb
     help 1.6Mb
Flavor: r-patched-solaris-x86