CRAN Package Check Results for Package mapr

Last updated on 2021-10-22 00:50:31 CEST.

Flavor Version Tinstall Tcheck Ttotal Status Flags
r-devel-linux-x86_64-debian-clang 0.5.2 6.62 62.25 68.87 NOTE
r-devel-linux-x86_64-debian-gcc 0.5.2 5.34 47.35 52.69 NOTE
r-devel-linux-x86_64-fedora-clang 0.5.2 93.60 NOTE
r-devel-linux-x86_64-fedora-gcc 0.5.2 78.72 NOTE
r-devel-windows-x86_64 0.5.2 11.00 84.00 95.00 OK
r-devel-windows-x86_64-gcc10-UCRT 0.5.2 NOTE
r-patched-linux-x86_64 0.5.2 6.12 57.79 63.91 NOTE
r-patched-solaris-x86 0.5.2 120.50 NOTE
r-release-linux-x86_64 0.5.2 4.41 57.64 62.05 NOTE
r-release-macos-arm64 0.5.2 OK
r-release-macos-x86_64 0.5.2 OK
r-release-windows-ix86+x86_64 0.5.2 30.00 84.00 114.00 OK
r-oldrel-macos-x86_64 0.5.2 OK
r-oldrel-windows-ix86+x86_64 0.5.2 17.00 84.00 101.00 OK

Check Details

Version: 0.5.2
Check: package dependencies
Result: NOTE
    Package suggested but not available for checking: 'scrubr'
Flavors: r-devel-linux-x86_64-debian-clang, r-devel-linux-x86_64-debian-gcc, r-devel-linux-x86_64-fedora-clang, r-devel-linux-x86_64-fedora-gcc, r-patched-linux-x86_64, r-patched-solaris-x86, r-release-linux-x86_64

Version: 0.5.2
Check: package dependencies
Result: NOTE
    Packages suggested but not available for checking: 'taxize', 'scrubr'
Flavor: r-devel-windows-x86_64-gcc10-UCRT