CRAN Package Check Results for Package maptools

Last updated on 2021-09-28 00:48:28 CEST.

Flavor Version Tinstall Tcheck Ttotal Status Flags
r-devel-linux-x86_64-debian-clang 1.1-2 16.44 136.47 152.91 OK
r-devel-linux-x86_64-debian-gcc 1.1-2 14.88 101.56 116.44 OK
r-devel-linux-x86_64-fedora-clang 1.1-2 198.33 OK
r-devel-linux-x86_64-fedora-gcc 1.1-2 178.55 OK
r-devel-windows-x86_64 1.1-2 29.00 152.00 181.00 OK
r-devel-windows-x86_64-gcc10-UCRT 1.1-2 OK
r-patched-linux-x86_64 1.1-2 18.96 129.87 148.83 OK
r-patched-solaris-x86 1.1-2 235.30 OK
r-release-linux-x86_64 1.1-2 18.09 132.58 150.67 OK
r-release-macos-arm64 1.1-2 OK
r-release-macos-x86_64 1.1-2 NOTE
r-release-windows-ix86+x86_64 1.1-2 54.00 209.00 263.00 OK
r-oldrel-macos-x86_64 1.1-2 OK
r-oldrel-windows-ix86+x86_64 1.1-2 45.00 212.00 257.00 OK

Check Details

Version: 1.1-2
Check: Rd cross-references
Result: NOTE
    Package unavailable to check Rd xrefs: ‘rgeos’
Flavor: r-release-macos-x86_64