CRAN Package Check Results for Package markmyassignment

Last updated on 2023-10-04 00:58:28 CEST.

Flavor Version Tinstall Tcheck Ttotal Status Flags
r-devel-linux-x86_64-debian-clang 0.8.6 2.72 65.04 67.76 NOTE
r-devel-linux-x86_64-debian-gcc 0.8.6 2.81 49.12 51.93 NOTE
r-devel-linux-x86_64-fedora-clang 0.8.6 83.61 NOTE
r-devel-linux-x86_64-fedora-gcc 0.8.6 106.80 NOTE
r-devel-windows-x86_64 0.8.6 4.00 91.00 95.00 NOTE
r-patched-linux-x86_64 0.8.6 2.42 61.45 63.87 OK
r-release-linux-x86_64 0.8.6 2.11 61.79 63.90 OK
r-release-macos-arm64 0.8.6 57.00 OK
r-release-macos-x86_64 0.8.6 77.00 OK
r-release-windows-x86_64 0.8.6 6.00 92.00 98.00 OK
r-oldrel-macos-arm64 0.8.6 41.00 OK
r-oldrel-macos-x86_64 0.8.6 75.00 OK
r-oldrel-windows-x86_64 0.8.6 7.00 89.00 96.00 OK

Check Details

Version: 0.8.6
Check: Rd \usage sections
Result: NOTE
    Documented arguments not in \usage in documentation object 'mark_my_dir':
     ‘mark_file’
    
    Documented arguments not in \usage in documentation object 'path_type':
     ‘github_token’
    
    Documented arguments not in \usage in documentation object 'read_assignment_yml':
     ‘path’
    
    Functions with \usage entries need to have the appropriate \alias
    entries, and all their arguments documented.
    The \usage entries must correspond to syntactically valid R code.
    See chapter ‘Writing R documentation files’ in the ‘Writing R
    Extensions’ manual.
Flavors: r-devel-linux-x86_64-debian-clang, r-devel-linux-x86_64-debian-gcc, r-devel-linux-x86_64-fedora-clang, r-devel-linux-x86_64-fedora-gcc, r-devel-windows-x86_64