CRAN Package Check Results for Package mason

Last updated on 2021-10-23 00:48:59 CEST.

Flavor Version Tinstall Tcheck Ttotal Status Flags
r-devel-linux-x86_64-debian-clang 0.3.0 3.58 48.77 52.35 NOTE
r-devel-linux-x86_64-debian-gcc 0.3.0 2.72 37.68 40.40 NOTE
r-devel-linux-x86_64-fedora-clang 0.3.0 71.88 NOTE
r-devel-linux-x86_64-fedora-gcc 0.3.0 61.12 NOTE
r-devel-windows-x86_64 0.3.0 6.00 70.00 76.00 NOTE
r-devel-windows-x86_64-gcc10-UCRT 0.3.0 NOTE
r-patched-linux-x86_64 0.3.0 3.04 44.94 47.98 NOTE
r-patched-solaris-x86 0.3.0 87.50 NOTE
r-release-linux-x86_64 0.3.0 3.32 45.35 48.67 NOTE
r-release-macos-arm64 0.3.0 NOTE
r-release-macos-x86_64 0.3.0 NOTE
r-release-windows-ix86+x86_64 0.3.0 7.00 65.00 72.00 NOTE
r-oldrel-macos-x86_64 0.3.0 OK
r-oldrel-windows-ix86+x86_64 0.3.0 9.00 67.00 76.00 OK

Check Details

Version: 0.3.0
Check: LazyData
Result: NOTE
     'LazyData' is specified without a 'data' directory
Flavors: r-devel-linux-x86_64-debian-clang, r-devel-linux-x86_64-debian-gcc, r-devel-linux-x86_64-fedora-clang, r-devel-linux-x86_64-fedora-gcc, r-devel-windows-x86_64, r-devel-windows-x86_64-gcc10-UCRT, r-patched-linux-x86_64, r-patched-solaris-x86, r-release-linux-x86_64, r-release-macos-arm64, r-release-macos-x86_64, r-release-windows-ix86+x86_64