CRAN Package Check Results for Package matR

Last updated on 2021-11-30 00:51:33 CET.

Flavor Version Tinstall Tcheck Ttotal Status Flags
r-devel-linux-x86_64-debian-clang 0.9.1 3.73 42.82 46.55 OK
r-devel-linux-x86_64-debian-gcc 0.9.1 2.84 32.72 35.56 OK
r-devel-linux-x86_64-fedora-clang 0.9.1 67.08 OK
r-devel-linux-x86_64-fedora-gcc 0.9.1 54.49 OK
r-devel-windows-x86_64-new-UL 0.9.1 12.00 83.00 95.00 OK
r-devel-windows-x86_64-new-TK 0.9.1 OK
r-devel-windows-x86_64-old 0.9.1 7.00 47.00 54.00 OK
r-patched-linux-x86_64 0.9.1 6.66 40.66 47.32 OK
r-patched-solaris-x86 0.9.1 84.00 OK
r-release-linux-x86_64 0.9.1 3.81 41.49 45.30 OK
r-release-macos-arm64 0.9.1 NOTE
r-release-macos-x86_64 0.9.1 OK
r-release-windows-ix86+x86_64 0.9.1 8.00 47.00 55.00 OK
r-oldrel-macos-x86_64 0.9.1 OK
r-oldrel-windows-ix86+x86_64 0.9.1 6.00 62.00 68.00 OK

Check Details

Version: 0.9.1
Check: package dependencies
Result: NOTE
    Package suggested but not available for checking: ‘qvalue’
Flavor: r-release-macos-arm64