CRAN Package Check Results for Package matchFeat

Last updated on 2023-05-28 00:56:21 CEST.

Flavor Version Tinstall Tcheck Ttotal Status Flags
r-devel-linux-x86_64-debian-clang 1.0 5.24 37.79 43.03 NOTE
r-devel-linux-x86_64-debian-gcc 1.0 3.16 28.73 31.89 NOTE
r-devel-linux-x86_64-fedora-clang 1.0 53.65 NOTE
r-devel-linux-x86_64-fedora-gcc 1.0 50.85 NOTE
r-devel-windows-x86_64 1.0 5.00 58.00 63.00 NOTE
r-patched-linux-x86_64 1.0 5.20 35.62 40.82 NOTE
r-release-linux-x86_64 1.0 2.96 36.49 39.45 NOTE
r-release-macos-arm64 1.0 24.00 NOTE
r-release-macos-x86_64 1.0 27.00 NOTE
r-release-windows-x86_64 1.0 6.00 54.00 60.00 NOTE
r-oldrel-macos-arm64 1.0 26.00 NOTE
r-oldrel-macos-x86_64 1.0 27.00 NOTE
r-oldrel-windows-x86_64 1.0 6.00 56.00 62.00 NOTE

Check Details

Version: 1.0
Check: package dependencies
Result: NOTE
    Package suggested but not available for checking: ‘gurobi’
Flavors: r-devel-linux-x86_64-debian-clang, r-devel-linux-x86_64-debian-gcc, r-devel-linux-x86_64-fedora-clang, r-devel-linux-x86_64-fedora-gcc, r-devel-windows-x86_64, r-patched-linux-x86_64, r-release-linux-x86_64, r-release-macos-arm64, r-release-macos-x86_64, r-release-windows-x86_64, r-oldrel-macos-arm64, r-oldrel-macos-x86_64, r-oldrel-windows-x86_64