Last updated on 2023-11-29 00:50:23 CET.
Flavor | Version | Tinstall | Tcheck | Ttotal | Status | Flags |
---|---|---|---|---|---|---|
r-devel-linux-x86_64-debian-clang | 0.9.6 | 6.68 | 94.86 | 101.54 | NOTE | |
r-devel-linux-x86_64-debian-gcc | 0.9.6 | 6.14 | 71.62 | 77.76 | NOTE | |
r-devel-linux-x86_64-fedora-clang | 0.9.6 | 127.58 | OK | |||
r-devel-linux-x86_64-fedora-gcc | 0.9.6 | 132.67 | OK | |||
r-devel-windows-x86_64 | 0.9.6 | 8.00 | 105.00 | 113.00 | OK | |
r-patched-linux-x86_64 | 0.9.6 | 10.59 | 91.93 | 102.52 | OK | |
r-release-linux-x86_64 | 0.9.6 | 5.77 | 91.81 | 97.58 | OK | |
r-release-macos-arm64 | 0.9.6 | 55.00 | OK | |||
r-release-macos-x86_64 | 0.9.6 | 86.00 | OK | |||
r-release-windows-x86_64 | 0.9.6 | 12.00 | 117.00 | 129.00 | OK | |
r-oldrel-macos-arm64 | 0.9.6 | 42.00 | OK | |||
r-oldrel-macos-x86_64 | 0.9.6 | 53.00 | OK | |||
r-oldrel-windows-x86_64 | 0.9.6 | 12.00 | 111.00 | 123.00 | OK |
Version: 0.9.6
Check: Rd files
Result: NOTE
checkRd: (-1) vectors3d.Rd:86: Lost braces
86 | \code{\link{arrows3d}}, code{\link[rgl]{texts3d}}, code{\link[rgl]{rgl.material}}
| ^
checkRd: (-1) vectors3d.Rd:86: Lost braces
86 | \code{\link{arrows3d}}, code{\link[rgl]{texts3d}}, code{\link[rgl]{rgl.material}}
| ^
Flavors: r-devel-linux-x86_64-debian-clang, r-devel-linux-x86_64-debian-gcc