Last updated on 2025-01-20 00:48:24 CET.
Flavor | Version | Tinstall | Tcheck | Ttotal | Status | Flags |
---|---|---|---|---|---|---|
r-devel-linux-x86_64-debian-clang | 1.1.9 | 196.71 | 80.15 | 276.86 | OK | |
r-devel-linux-x86_64-debian-gcc | 1.1.9 | 134.13 | 55.09 | 189.22 | OK | |
r-devel-linux-x86_64-fedora-clang | 1.1.9 | 511.83 | OK | |||
r-devel-linux-x86_64-fedora-gcc | 1.1.9 | 543.20 | OK | |||
r-devel-windows-x86_64 | 1.1.9 | 185.00 | 162.00 | 347.00 | OK | |
r-patched-linux-x86_64 | 1.1.9 | 186.97 | 75.60 | 262.57 | OK | |
r-release-linux-x86_64 | 1.1.9 | 187.72 | 76.77 | 264.49 | OK | |
r-release-macos-arm64 | 1.1.9 | 97.00 | NOTE | |||
r-release-macos-x86_64 | 1.1.9 | 135.00 | NOTE | |||
r-release-windows-x86_64 | 1.1.9 | 181.00 | 174.00 | 355.00 | OK | |
r-oldrel-macos-arm64 | 1.1.9 | 107.00 | NOTE | |||
r-oldrel-macos-x86_64 | 1.1.9 | 140.00 | NOTE | |||
r-oldrel-windows-x86_64 | 1.1.9 | 210.00 | 193.00 | 403.00 | OK |
Version: 1.1.9
Check: installed package size
Result: NOTE
installed size is 14.1Mb
sub-directories of 1Mb or more:
libs 13.2Mb
Flavors: r-release-macos-arm64, r-release-macos-x86_64, r-oldrel-macos-arm64, r-oldrel-macos-x86_64