Last updated on 2023-03-22 00:52:25 CET.
Flavor | Version | Tinstall | Tcheck | Ttotal | Status | Flags |
---|---|---|---|---|---|---|
r-devel-linux-x86_64-debian-clang | 0.6 | 13.97 | 218.08 | 232.05 | NOTE | |
r-devel-linux-x86_64-debian-gcc | 0.6 | 12.22 | 163.44 | 175.66 | NOTE | |
r-devel-linux-x86_64-fedora-clang | 0.6 | 279.53 | NOTE | |||
r-devel-linux-x86_64-fedora-gcc | 0.6 | 268.62 | NOTE | |||
r-patched-linux-x86_64 | 0.6 | 18.55 | 208.83 | 227.38 | NOTE | |
r-release-linux-x86_64 | 0.6 | 12.22 | 204.63 | 216.85 | NOTE | |
r-release-macos-arm64 | 0.6 | 65.00 | NOTE | |||
r-release-macos-x86_64 | 0.6 | 115.00 | NOTE | |||
r-release-windows-x86_64 | 0.6 | 28.00 | 249.00 | 277.00 | NOTE | |
r-oldrel-macos-arm64 | 0.6 | 77.00 | NOTE | |||
r-oldrel-macos-x86_64 | 0.6 | 110.00 | NOTE | |||
r-oldrel-windows-ix86+x86_64 | 0.6 | 32.00 | 410.00 | 442.00 | NOTE |
Version: 0.6
Check: LazyData
Result: NOTE
'LazyData' is specified without a 'data' directory
Flavors: r-devel-linux-x86_64-debian-clang, r-devel-linux-x86_64-debian-gcc, r-devel-linux-x86_64-fedora-clang, r-devel-linux-x86_64-fedora-gcc, r-patched-linux-x86_64, r-release-linux-x86_64, r-release-macos-arm64, r-release-macos-x86_64, r-release-windows-x86_64, r-oldrel-macos-arm64, r-oldrel-macos-x86_64, r-oldrel-windows-ix86+x86_64
Version: 0.6
Check: Rd cross-references
Result: NOTE
Undeclared packages ‘logistf’, ‘brglm’ in Rd xrefs
Flavor: r-devel-linux-x86_64-fedora-clang