CRAN Package Check Results for Package mbr

Last updated on 2023-12-03 00:56:48 CET.

Flavor Version Tinstall Tcheck Ttotal Status Flags
r-devel-linux-x86_64-debian-clang 0.0.1 11.92 108.13 120.05 OK
r-devel-linux-x86_64-debian-gcc 0.0.1 9.22 81.07 90.29 OK
r-devel-linux-x86_64-fedora-clang 0.0.1 148.76 NOTE
r-devel-linux-x86_64-fedora-gcc 0.0.1 153.05 NOTE
r-devel-windows-x86_64 0.0.1 10.00 96.00 106.00 OK
r-patched-linux-x86_64 0.0.1 10.44 105.22 115.66 OK
r-release-linux-x86_64 0.0.1 10.96 103.66 114.62 OK
r-release-macos-arm64 0.0.1 55.00 OK
r-release-macos-x86_64 0.0.1 90.00 OK
r-release-windows-x86_64 0.0.1 13.00 116.00 129.00 OK
r-oldrel-macos-arm64 0.0.1 44.00 NOTE
r-oldrel-macos-x86_64 0.0.1 59.00 NOTE
r-oldrel-windows-x86_64 0.0.1 13.00 117.00 130.00 OK

Check Details

Version: 0.0.1
Check: dependencies in R code
Result: NOTE Namespace in Imports field not imported from: ‘MASS’ All declared Imports should be used. Flavors: r-devel-linux-x86_64-fedora-clang, r-devel-linux-x86_64-fedora-gcc, r-oldrel-macos-arm64, r-oldrel-macos-x86_64