Last updated on 2023-10-01 00:54:32 CEST.
Flavor | Version | Tinstall | Tcheck | Ttotal | Status | Flags |
---|---|---|---|---|---|---|
r-devel-linux-x86_64-debian-clang | 0.2.7 | 33.40 | 125.20 | 158.60 | OK | |
r-devel-linux-x86_64-debian-gcc | 0.2.7 | 23.34 | 90.88 | 114.22 | OK | |
r-devel-linux-x86_64-fedora-clang | 0.2.7 | 193.34 | NOTE | |||
r-devel-linux-x86_64-fedora-gcc | 0.2.7 | 188.22 | OK | |||
r-devel-windows-x86_64 | 0.2.7 | 27.00 | 138.00 | 165.00 | OK | |
r-patched-linux-x86_64 | 0.2.7 | 23.70 | 118.33 | 142.03 | OK | |
r-release-linux-x86_64 | 0.2.7 | 21.56 | 119.94 | 141.50 | OK | |
r-release-macos-arm64 | 0.2.7 | 88.00 | OK | |||
r-release-macos-x86_64 | 0.2.7 | 139.00 | OK | |||
r-release-windows-x86_64 | 0.2.7 | 35.00 | 164.00 | 199.00 | OK | |
r-oldrel-macos-arm64 | 0.2.7 | 82.00 | OK | |||
r-oldrel-macos-x86_64 | 0.2.7 | 87.00 | OK | |||
r-oldrel-windows-x86_64 | 0.2.7 | 35.00 | 177.00 | 212.00 | OK |
Version: 0.2.7
Check: Rd cross-references
Result: NOTE
Undeclared package ‘NLP’ in Rd xrefs
Flavor: r-devel-linux-x86_64-fedora-clang