CRAN Package Check Results for Package mclustAddons

Last updated on 2024-07-20 00:56:54 CEST.

Flavor Version Tinstall Tcheck Ttotal Status Flags
r-devel-linux-x86_64-debian-clang 0.8 50.36 132.22 182.58 OK
r-devel-linux-x86_64-debian-gcc 0.8 26.25 87.06 113.31 OK
r-devel-linux-x86_64-fedora-clang 0.8 249.43 OK
r-devel-linux-x86_64-fedora-gcc 0.8 241.61 OK
r-devel-windows-x86_64 0.8 36.00 134.00 170.00 NOTE
r-patched-linux-x86_64 0.8 45.68 117.89 163.57 OK
r-release-linux-x86_64 0.8 40.72 115.69 156.41 OK
r-release-macos-arm64 0.8 69.00 OK
r-release-macos-x86_64 0.8 88.00 OK
r-release-windows-x86_64 0.8 43.00 134.00 177.00 OK
r-oldrel-macos-arm64 0.8 75.00 OK
r-oldrel-macos-x86_64 0.8 113.00 OK
r-oldrel-windows-x86_64 0.8 52.00 147.00 199.00 OK

Check Details

Version: 0.8
Check: Rd cross-references
Result: NOTE Found the following Rd file(s) with Rd \link{} targets missing package anchors: MclustMEM.Rd: Mclust, densityMclust Please provide package anchors for all Rd \link{} targets not in the package itself and the base packages. Flavor: r-devel-windows-x86_64