CRAN Package Check Results for Package mcmcensemble

Last updated on 2024-06-14 00:53:48 CEST.

Flavor Version Tinstall Tcheck Ttotal Status Flags
r-devel-linux-x86_64-debian-clang 3.1.0 2.83 131.37 134.20 OK
r-devel-linux-x86_64-debian-gcc 3.1.0 2.22 66.03 68.25 ERROR
r-devel-linux-x86_64-fedora-clang 3.1.0 162.40 OK
r-devel-linux-x86_64-fedora-gcc 3.1.0 164.28 OK
r-devel-windows-x86_64 3.1.0 4.00 107.00 111.00 OK
r-patched-linux-x86_64 3.1.0 3.14 121.34 124.48 OK
r-release-linux-x86_64 3.1.0 2.79 124.83 127.62 OK
r-release-macos-arm64 3.1.0 51.00 OK
r-release-macos-x86_64 3.1.0 79.00 OK
r-release-windows-x86_64 3.1.0 3.00 102.00 105.00 OK
r-oldrel-macos-arm64 3.1.0 56.00 OK
r-oldrel-macos-x86_64 3.1.0 144.00 OK
r-oldrel-windows-x86_64 3.1.0 4.00 128.00 132.00 OK

Check Details

Version: 3.1.0
Check: package dependencies
Result: NOTE Packages suggested but not available for checking: 'bayesplot', 'mockery', 'testthat' Flavor: r-devel-linux-x86_64-debian-gcc

Version: 3.1.0
Check: tests
Result: ERROR Running ‘testthat.R’ [0s/1s] Running the tests in ‘tests/testthat.R’ failed. Complete output: > library(testthat) Error in library(testthat) : there is no package called 'testthat' Execution halted Flavor: r-devel-linux-x86_64-debian-gcc

Version: 3.1.0
Check: re-building of vignette outputs
Result: ERROR Error(s) in re-building vignettes: ... --- re-building ‘diagnostic-pkgs.Rmd’ using rmarkdown Quitting from lines 85-86 [unnamed-chunk-8] (diagnostic-pkgs.Rmd) Error: processing vignette 'diagnostic-pkgs.Rmd' failed with diagnostics: there is no package called 'bayesplot' --- failed re-building ‘diagnostic-pkgs.Rmd’ --- re-building ‘faq.Rmd’ using rmarkdown Loading required package: coda --- finished re-building ‘faq.Rmd’ SUMMARY: processing the following file failed: ‘diagnostic-pkgs.Rmd’ Error: Vignette re-building failed. Execution halted Flavor: r-devel-linux-x86_64-debian-gcc