CRAN Package Check Results for Package mcvis

Last updated on 2024-07-14 00:55:27 CEST.

Flavor Version Tinstall Tcheck Ttotal Status Flags
r-devel-linux-x86_64-debian-clang 1.0.8 7.67 87.95 95.62 NOTE
r-devel-linux-x86_64-debian-gcc 1.0.8 6.24 66.63 72.87 NOTE
r-devel-linux-x86_64-fedora-clang 1.0.8 127.75 NOTE
r-devel-linux-x86_64-fedora-gcc 1.0.8 129.50 NOTE
r-devel-windows-x86_64 1.0.8 10.00 82.00 92.00 NOTE
r-patched-linux-x86_64 1.0.8 7.08 85.03 92.11 NOTE
r-release-linux-x86_64 1.0.8 5.89 82.62 88.51 NOTE
r-release-macos-arm64 1.0.8 41.00 NOTE
r-release-macos-x86_64 1.0.8 62.00 NOTE
r-release-windows-x86_64 1.0.8 8.00 81.00 89.00 NOTE
r-oldrel-macos-arm64 1.0.8 43.00 OK
r-oldrel-macos-x86_64 1.0.8 73.00 OK
r-oldrel-windows-x86_64 1.0.8 11.00 95.00 106.00 OK

Check Details

Version: 1.0.8
Check: Rd files
Result: NOTE checkRd: (-1) mcvis.Rd:32: Lost braces in \itemize; \value handles \item{}{} directly checkRd: (-1) mcvis.Rd:33: Lost braces in \itemize; \value handles \item{}{} directly checkRd: (-1) mcvis.Rd:34: Lost braces in \itemize; \value handles \item{}{} directly Flavors: r-devel-linux-x86_64-debian-clang, r-devel-linux-x86_64-debian-gcc, r-devel-linux-x86_64-fedora-clang, r-devel-linux-x86_64-fedora-gcc, r-devel-windows-x86_64, r-patched-linux-x86_64, r-release-linux-x86_64, r-release-macos-arm64, r-release-macos-x86_64, r-release-windows-x86_64