Last updated on 2025-01-20 00:48:26 CET.
Flavor | Version | Tinstall | Tcheck | Ttotal | Status | Flags |
---|---|---|---|---|---|---|
r-devel-linux-x86_64-debian-clang | 2.2.1 | 20.26 | 59.80 | 80.06 | NOTE | |
r-devel-linux-x86_64-debian-gcc | 2.2.1 | 15.39 | 47.82 | 63.21 | NOTE | |
r-devel-linux-x86_64-fedora-clang | 2.2.1 | 173.77 | OK | |||
r-devel-linux-x86_64-fedora-gcc | 2.2.1 | 155.59 | OK | |||
r-devel-windows-x86_64 | 2.2.1 | 26.00 | 81.00 | 107.00 | NOTE | |
r-patched-linux-x86_64 | 2.2.1 | 20.42 | 57.29 | 77.71 | OK | |
r-release-linux-x86_64 | 2.2.1 | 21.23 | 57.24 | 78.47 | OK | |
r-release-macos-arm64 | 2.2.1 | 37.00 | OK | |||
r-release-macos-x86_64 | 2.2.1 | 52.00 | OK | |||
r-release-windows-x86_64 | 2.2.1 | 28.00 | 85.00 | 113.00 | OK | |
r-oldrel-macos-arm64 | 2.2.1 | 45.00 | OK | |||
r-oldrel-macos-x86_64 | 2.2.1 | 83.00 | OK | |||
r-oldrel-windows-x86_64 | 2.2.1 | 32.00 | 93.00 | 125.00 | OK |
Version: 2.2.1
Check: Rd cross-references
Result: NOTE
Found the following Rd file(s) with Rd \link{} targets missing package
anchors:
linkage.Rd: agnes
Please provide package anchors for all Rd \link{} targets not in the
package itself and the base packages.
Flavors: r-devel-linux-x86_64-debian-clang, r-devel-linux-x86_64-debian-gcc, r-devel-windows-x86_64