Last updated on 2023-10-05 01:01:49 CEST.
Flavor | Version | Tinstall | Tcheck | Ttotal | Status | Flags |
---|---|---|---|---|---|---|
r-devel-linux-x86_64-debian-clang | 1.0.1 | 6.79 | 76.10 | 82.89 | NOTE | |
r-devel-linux-x86_64-debian-gcc | 1.0.1 | 5.78 | 56.64 | 62.42 | NOTE | |
r-devel-linux-x86_64-fedora-clang | 1.0.1 | 109.56 | NOTE | |||
r-devel-linux-x86_64-fedora-gcc | 1.0.1 | 108.14 | NOTE | |||
r-devel-windows-x86_64 | 1.0.1 | 7.00 | 78.00 | 85.00 | NOTE | |
r-patched-linux-x86_64 | 1.0.1 | 6.57 | 71.76 | 78.33 | NOTE | |
r-release-linux-x86_64 | 1.0.1 | 4.99 | 72.41 | 77.40 | NOTE | |
r-release-macos-arm64 | 1.0.1 | 39.00 | NOTE | |||
r-release-macos-x86_64 | 1.0.1 | 60.00 | NOTE | |||
r-release-windows-x86_64 | 1.0.1 | 10.00 | 90.00 | 100.00 | NOTE | |
r-oldrel-macos-arm64 | 1.0.1 | 33.00 | NOTE | |||
r-oldrel-macos-x86_64 | 1.0.1 | 55.00 | NOTE | |||
r-oldrel-windows-x86_64 | 1.0.1 | 11.00 | 91.00 | 102.00 | NOTE |
Version: 1.0.1
Check: LazyData
Result: NOTE
'LazyData' is specified without a 'data' directory
Flavors: r-devel-linux-x86_64-debian-clang, r-devel-linux-x86_64-debian-gcc, r-devel-linux-x86_64-fedora-clang, r-devel-linux-x86_64-fedora-gcc, r-devel-windows-x86_64, r-patched-linux-x86_64, r-release-linux-x86_64, r-release-macos-arm64, r-release-macos-x86_64, r-release-windows-x86_64, r-oldrel-macos-arm64, r-oldrel-macos-x86_64, r-oldrel-windows-x86_64
Version: 1.0.1
Check: dependencies in R code
Result: NOTE
Namespace in Imports field not imported from: ‘glmnet’
All declared Imports should be used.
Flavors: r-devel-linux-x86_64-fedora-clang, r-devel-linux-x86_64-fedora-gcc, r-oldrel-macos-arm64, r-oldrel-macos-x86_64