CRAN Package Check Results for Package mdpeer

Last updated on 2024-07-18 00:54:58 CEST.

Flavor Version Tinstall Tcheck Ttotal Status Flags
r-devel-linux-x86_64-debian-clang 1.0.1 7.22 79.31 86.53 NOTE
r-devel-linux-x86_64-debian-gcc 1.0.1 5.32 58.75 64.07 NOTE
r-devel-linux-x86_64-fedora-clang 1.0.1 110.42 NOTE
r-devel-linux-x86_64-fedora-gcc 1.0.1 120.75 NOTE
r-devel-windows-x86_64 1.0.1 8.00 78.00 86.00 NOTE
r-patched-linux-x86_64 1.0.1 5.12 73.54 78.66 NOTE
r-release-linux-x86_64 1.0.1 6.92 75.15 82.07 NOTE
r-release-macos-arm64 1.0.1 43.00 NOTE
r-release-macos-x86_64 1.0.1 77.00 NOTE
r-release-windows-x86_64 1.0.1 7.00 79.00 86.00 NOTE
r-oldrel-macos-arm64 1.0.1 39.00 NOTE
r-oldrel-macos-x86_64 1.0.1 60.00 NOTE
r-oldrel-windows-x86_64 1.0.1 9.00 92.00 101.00 NOTE

Check Details

Version: 1.0.1
Check: LazyData
Result: NOTE 'LazyData' is specified without a 'data' directory Flavors: r-devel-linux-x86_64-debian-clang, r-devel-linux-x86_64-debian-gcc, r-devel-linux-x86_64-fedora-clang, r-devel-linux-x86_64-fedora-gcc, r-devel-windows-x86_64, r-patched-linux-x86_64, r-release-linux-x86_64, r-release-macos-arm64, r-release-macos-x86_64, r-release-windows-x86_64, r-oldrel-macos-arm64, r-oldrel-macos-x86_64, r-oldrel-windows-x86_64

Version: 1.0.1
Check: dependencies in R code
Result: NOTE Namespace in Imports field not imported from: ‘glmnet’ All declared Imports should be used. Flavors: r-devel-linux-x86_64-fedora-clang, r-devel-linux-x86_64-fedora-gcc