CRAN Package Check Results for Package mdw

Last updated on 2021-10-16 00:49:21 CEST.

Flavor Version Tinstall Tcheck Ttotal Status Flags
r-devel-linux-x86_64-debian-clang 2020.6-17 7.53 67.08 74.61 NOTE
r-devel-linux-x86_64-debian-gcc 2020.6-17 6.55 52.68 59.23 NOTE
r-devel-linux-x86_64-fedora-clang 2020.6-17 102.49 NOTE
r-devel-linux-x86_64-fedora-gcc 2020.6-17 90.32 NOTE
r-devel-windows-x86_64 2020.6-17 10.00 69.00 79.00 NOTE
r-devel-windows-x86_64-gcc10-UCRT 2020.6-17 NOTE
r-patched-linux-x86_64 2020.6-17 7.66 65.87 73.53 NOTE
r-patched-solaris-x86 2020.6-17 135.90 NOTE
r-release-linux-x86_64 2020.6-17 6.97 66.29 73.26 NOTE
r-release-macos-arm64 2020.6-17 NOTE
r-release-macos-x86_64 2020.6-17 NOTE
r-release-windows-ix86+x86_64 2020.6-17 19.00 95.00 114.00 NOTE
r-oldrel-macos-x86_64 2020.6-17 OK
r-oldrel-windows-ix86+x86_64 2020.6-17 18.00 92.00 110.00 OK

Check Details

Version: 2020.6-17
Check: LazyData
Result: NOTE
     'LazyData' is specified without a 'data' directory
Flavors: r-devel-linux-x86_64-debian-clang, r-devel-linux-x86_64-debian-gcc, r-devel-linux-x86_64-fedora-clang, r-devel-linux-x86_64-fedora-gcc, r-devel-windows-x86_64, r-devel-windows-x86_64-gcc10-UCRT, r-patched-linux-x86_64, r-patched-solaris-x86, r-release-linux-x86_64, r-release-macos-arm64, r-release-macos-x86_64, r-release-windows-ix86+x86_64

Version: 2020.6-17
Check: package dependencies
Result: NOTE
    Package suggested but not available for checking: ‘Rmosek’
Flavor: r-patched-solaris-x86